{"id":22,"date":"2023-02-24T16:20:18","date_gmt":"2023-02-24T19:20:18","guid":{"rendered":"https:\/\/videira.ifc.edu.br\/29encontrao\/?page_id=22"},"modified":"2023-10-10T10:43:03","modified_gmt":"2023-10-10T13:43:03","slug":"calendario","status":"publish","type":"page","link":"https:\/\/videira.ifc.edu.br\/29encontrao\/calendario\/","title":{"rendered":"Programa\u00e7\u00e3o"},"content":{"rendered":"\n<p><strong>FECULT<\/strong> <strong>&#8211;<\/strong> <strong><em>13\/10\/2023 &#8211; Sexta-feira<\/em><\/strong><\/p>\n\n\n\n<p><strong>CATEGORIA IN\u00c9DITA<\/strong><\/p>\n\n\n\n<p>19h<\/p>\n\n\n\n<p><strong>Samuel Grosselli Boschi (vocal e viol\u00e3o)<\/strong><\/p>\n\n\n\n<p>CTG Rinc\u00e3o dos Guris &#8211; IFC Rio do Sul<\/p>\n\n\n\n<p>M\u00fasica <strong>RETORNO AO PAGO<\/strong><\/p>\n\n\n\n<p>_________________________<\/p>\n\n\n\n<p><\/p>\n\n\n\n<p><strong>CATEGORIA NATIVISTA<\/strong><\/p>\n\n\n\n<p>19h10<\/p>\n\n\n\n<p><strong>Ana Laura Engel da Silva (vocal)<\/strong><\/p>\n\n\n\n<p><strong>Guilherme Eduardo Soares da Silva (viol\u00e3o)<\/strong><\/p>\n\n\n\n<p><strong>Mateus Heck da Rosa (gaita)<\/strong><\/p>\n\n\n\n<p>Grupo de Dan\u00e7as Sentinela Farroupilha &#8211; IFFar Santa Rosa<\/p>\n\n\n\n<p>M\u00fasica <strong>RETRATO DOS MEUS PELEGOS<\/strong><\/p>\n\n\n\n<p>_________________________<\/p>\n\n\n\n<p><\/p>\n\n\n\n<p>19h20<\/p>\n\n\n\n<p><strong>Sofia Pastorello (voz e viol\u00e3o)<\/strong><\/p>\n\n\n\n<p><strong>Dagmar Pedro Tamanho (bombo leguero)<\/strong><\/p>\n\n\n\n<p>CTG Tropeiros da Cultura &#8211; IFRS Sert\u00e3o<\/p>\n\n\n\n<p>M\u00fasica<strong> M\u00c3ES, AMANTES GUERREIRAS<\/strong><\/p>\n\n\n\n<p>_________________________<\/p>\n\n\n\n<p><\/p>\n\n\n\n<p>19h30<\/p>\n\n\n\n<p><strong>Guilherme Eduardo Soares da Silva (vocal e viol\u00e3o)<\/strong><\/p>\n\n\n\n<p><strong>Mateus Heck da Rosa (gaita)<\/strong><\/p>\n\n\n\n<p>Grupo de Dan\u00e7as Sentinela Farroupilha &#8211; IFFar Santa Rosa<\/p>\n\n\n\n<p>_________________________<\/p>\n\n\n\n<p>M\u00fasica<strong> MILONGA ABAIXO DE MAL TEMPO<\/strong><\/p>\n\n\n\n<p><\/p>\n\n\n\n<p>19h40<\/p>\n\n\n\n<p><strong>GEOVANA GARDOLIN BOEING (<\/strong><strong>Vocal e viol\u00e3o)<\/strong><\/p>\n\n\n\n<p>CTG Rinc\u00e3o dos Guris &#8211; IFC Rio do Sul<\/p>\n\n\n\n<p>M\u00fasica <strong>MERCEDITA<\/strong><\/p>\n\n\n\n<p>_________________________<\/p>\n\n\n\n<p>19h50 <\/p>\n\n\n\n<p><strong>Mateus Heck da Rosa<\/strong><strong> (vocal e viol\u00e3o)<\/strong><\/p>\n\n\n\n<p><strong>Guilherme Eduardo Soares da Silva<\/strong><strong> (viol\u00e3o)<\/strong><\/p>\n\n\n\n<p>Grupo de Dan\u00e7as Sentinela Farroupilha &#8211; IFFar Santa Rosa<\/p>\n\n\n\n<p>M\u00fasica<strong> CHAMAMECERO<\/strong><\/p>\n\n\n\n<p><\/p>\n\n\n\n<p>_________________________<\/p>\n\n\n\n<p>20h &#8211;<strong> DECLAMA\u00c7\u00c3O<\/strong><\/p>\n\n\n\n<p><strong>Ane Lise Benites<\/strong> &#8211; Ga\u00facha Guerreira &#8211; Salvador Ferrando Lamberty;<\/p>\n\n\n\n<p><strong>Alana Benites Sturza<\/strong> &#8211; Prenda Ga\u00facha &#8211; Jo\u00e3o Batista de Oliveira Gomes;<\/p>\n\n\n\n<p><strong>Kamili Wagner<\/strong> &#8211; Sou ga\u00facha &#8211; M\u00e1rcia Jack;<\/p>\n\n\n\n<p><strong>Melissa da Rocha<\/strong> &#8211; Que diacho, eu gostava do meu cusco &#8211; Alcy Jos\u00e9 de Vargas Cheuiche<\/p>\n\n\n\n<p>\/\/\/\/\/\/\/\/\/\/\/\/\/\/\/\/\/\/\/\/\/\/\/\/\/\/\/<\/p>\n\n\n\n<p><strong>Programa\u00e7\u00e3o Noites 29\u00ba Encontr\u00e3o<\/strong><\/p>\n\n\n\n<p><strong><em>13\/10\/2023 &#8211; Sexta-feira<\/em><\/strong><\/p>\n\n\n\n<p><strong>19h<\/strong> &#8211; In\u00edcio Fecult<\/p>\n\n\n\n<p><strong>20h &#8211;<\/strong> Chico do Porrete &#8211; CTG Herdeiros do Pago &#8211; IFC Videira<\/p>\n\n\n\n<p><strong>20h15<\/strong> &#8211; Chula &#8211; Grupo de Tradi\u00e7\u00e3o e Cultural Dan\u00e7as e Andan\u00e7as&nbsp; &#8211; IFC Santa Rosa do Sul<\/p>\n\n\n\n<p><strong>20h30<\/strong> &#8211; Dan\u00e7a dos Fac\u00f5es &#8211; CTG Herdeiros do Pago &#8211; IFC Videira<\/p>\n\n\n\n<p><strong>20h45<\/strong> &#8211; NTG Trempe da Saudade &#8211; IFFar S\u00e3o Vicente do Sul &#8211; Entrada, Sa\u00edda, Anu,&nbsp;<\/p>\n\n\n\n<p>Polca de rela\u00e7\u00e3o, Chote Carreirinho<\/p>\n\n\n\n<p><strong>21h15 <\/strong>&#8211; Grupo de Dan\u00e7as Sentinela Farroupilha &#8211; IFFar &#8211; Santa Rosa &#8211; Entrada, Sa\u00edda, Chote de Duas Damas, Tatu com Volta no Meio<\/p>\n\n\n\n<p><strong>21h45 <\/strong>&#8211; DTG Cultura sem fronteira &#8211; IFRS Bento Gon\u00e7alves &#8211; Entrada, Chote Carreirinho, Ma\u00e7anico, Sarrabalho<\/p>\n\n\n\n<p><strong>22h15<\/strong> &#8211; Baile de Integra\u00e7\u00e3o<\/p>\n\n\n\n<p>\/\/\/\/\/\/\/\/\/\/\/\/\/\/\/<\/p>\n\n\n\n<p><strong><em>14\/10\/2023 &#8211; S\u00e1bado<\/em><\/strong><\/p>\n\n\n\n<p><strong>19h30<\/strong> &#8211; CTG Rinc\u00e3o dos Guris &#8211; IFC Rio do Sul &#8211; Entrada, Sa\u00edda, Chote de Duas Damas, Tirana do Len\u00e7o<\/p>\n\n\n\n<p><strong>20h<\/strong> &#8211; DTG Ra\u00edzes da Cultura &#8211; IPRS Farroupilha &#8211; Entrada, Chote Carreirinho, Queromana, Tatu com Volta no Meio<\/p>\n\n\n\n<p><strong>20h30<\/strong> &#8211; CTG Tropeiros da Cultura &#8211; IFRS Sert\u00e3o &#8211; Chimarrita, Tatu de Castanholas<\/p>\n\n\n\n<p><strong>21h<\/strong> &#8211; CTG Herdeiros do Pago &#8211; IFC Videira &#8211; Entrada, Sa\u00edda, Chote Duas Damas, Tatu de Castanholas<\/p>\n\n\n\n<p><strong>21h30<\/strong> &#8211; Grupo de Tradi\u00e7\u00e3o e Cultural Dan\u00e7as e Andan\u00e7as\u00a0 &#8211; IFC Santa Rosa do Sul &#8211; Balaio, Chote de Duas Damas, Mazurca, Tatu com Volta no Meio<\/p>\n\n\n\n<p><strong>22h<\/strong> &#8211; In\u00edcio do Baile com Grupo SINA GA\u00d9CHA<\/p>\n\n\n\n<p><strong>00h<\/strong> &#8211; Premia\u00e7\u00e3o FECULT e troca de mimos<\/p>\n\n\n\n<p><strong>2h<\/strong> &#8211; Encerramento<\/p>\n\n\n\n<p><\/p>\n\n\n\n<p>&#8212;&#8212;&#8212;&#8212;&#8212;&#8212;&#8212;&#8212;&#8212;&#8212;&#8212;&#8212;&#8212;&#8212;&#8212;&#8212;&#8212;&#8212;&#8212;&#8212;&#8212;&#8212;&#8212;&#8212;&#8212;&#8212;&#8212;&#8212;&#8212;&#8212;&#8212;&#8212;&#8212;&#8212;&#8212;&#8211;<\/p>\n\n\n\n<p><\/p>\n\n\n\n<p><strong><em>Quinta-feira 12\/10&nbsp;<\/em><\/strong><\/p>\n\n\n\n<p>Recep\u00e7\u00e3o das delega\u00e7\u00f5es que quiserem chegar neste dia<\/p>\n\n\n\n<p><strong><em>Sexta-feira 13\/10<\/em><\/strong><\/p>\n\n\n\n<p>7h30 \u00e0s 8h30: Chegada das delega\u00e7\u00f5es<\/p>\n\n\n\n<p>LOCAL: Parque do Rio do peixe Anfiteatro (Concha ac\u00fastica)<\/p>\n\n\n\n<p>9h: Abertura oficial do 29\u00ba ENCONTR\u00c3O<\/p>\n\n\n\n<p>OBS: Na abertura haver\u00e1 a apresenta\u00e7\u00e3o das delega\u00e7\u00f5es, desta forma, sugerimos que cada campus j\u00e1 venha com uma prenda e um pe\u00e3o devidamente pilchados para a entrada com as bandeiras.<\/p>\n\n\n\n<p>10h00: In\u00edcio da carreata pela cidade de Videira at\u00e9 o campus do IFC<\/p>\n\n\n\n<p>11h30 \u00e0s 11h30h: Entrega dos kits \u00e0s delega\u00e7\u00f5es e apresenta\u00e7\u00e3o dos padrinhos, bem como encaminhamento aos respectivos alojamentos.<\/p>\n\n\n\n<p>12h \u00e0s 13h30: Almo\u00e7o (Refeit\u00f3rio do Campus)<\/p>\n\n\n\n<p>12h45min: Reuni\u00e3o dos coordenadores<\/p>\n\n\n\n<p>17h \u00e0s 18h: Banho<\/p>\n\n\n\n<p>18h \u00e0s 19h30min: Janta (Refeit\u00f3rio do Campus)<\/p>\n\n\n\n<p>19h: Reuni\u00e3o Coordenadores<\/p>\n\n\n\n<p>20h: FECULT e Apresenta\u00e7\u00e3o das Invernadas \u2013 ordem a ser definida (Parque da Uva &#8211; aproximadamente 8km do campus)<\/p>\n\n\n\n<p>23h: Dan\u00e7a de Integra\u00e7\u00e3o (ma\u00e7anico, pezinho, tatu com volta no meio e polin\u00e9sia)<\/p>\n\n\n\n<p>24h: Baile da integra\u00e7\u00e3o (anima\u00e7\u00e3o musical com os grupos dos Campus e conjunto convidado)<\/p>\n\n\n\n<p>1h: In\u00edcio do retorno ao campus<\/p>\n\n\n\n<p>1h30min: Hora de recolher.&nbsp;<\/p>\n\n\n\n<p>2h: Hora do sil\u00eancio<\/p>\n\n\n\n<p><\/p>\n\n\n\n<p><strong><em>S\u00e1bado: 14\/10<\/em><\/strong><\/p>\n\n\n\n<p>06h30min: Alvorada festiva<\/p>\n\n\n\n<p>07h \u00e0s 08h: Caf\u00e9 da manh\u00e3 (Refeit\u00f3rio do Campus)<\/p>\n\n\n\n<p>11h30min \u00e0s 13h: Almo\u00e7o especial (Refeit\u00f3rio do Campus)<\/p>\n\n\n\n<p>12h30min: Reuni\u00e3o dos coordenadores<\/p>\n\n\n\n<p>16h: Prova dos Coordenadores (gin\u00e1sio do campus)<\/p>\n\n\n\n<p>17h \u00e0s 18h: Banho<\/p>\n\n\n\n<p>18h \u00e0s 19h30min: Janta (Refeit\u00f3rio do Campus)<\/p>\n\n\n\n<p>19h: Reuni\u00e3o dos coordenadores<\/p>\n\n\n\n<p>20h: Dan\u00e7as Birivas e Apresenta\u00e7\u00e3o das Invernadas \u2013 ordem a ser definida (Parque da Uva &#8211; aproximadamente 8km do campus)<\/p>\n\n\n\n<p>23h: Dan\u00e7a de Integra\u00e7\u00e3o (chote carreirinho, chimarrita, chico sapateado e polin\u00e9sia)<\/p>\n\n\n\n<p>24h: Baile de encerramento.<\/p>\n\n\n\n<p><strong><em>Domingo: 15\/10<\/em><\/strong><\/p>\n\n\n\n<p>01h: Reuni\u00e3o dos coordenadores de encerramento<\/p>\n\n\n\n<p>02h: Entrega de trof\u00e9us, medalhas e troca de mimos entre os campi presentes.<\/p>\n\n\n\n<p>03h30min: Retorno ou hora de recolher aos alojamentos.<\/p>\n\n\n\n<p><\/p>\n\n\n\n<p><strong>Hor\u00e1rio das Provas<\/strong><\/p>\n\n\n\n<figure class=\"wp-block-image size-full\"><img loading=\"lazy\" decoding=\"async\" width=\"525\" height=\"474\" src=\"https:\/\/videira.ifc.edu.br\/29encontrao\/wp-content\/uploads\/sites\/58\/2023\/07\/Captura-de-tela-em-2023-07-07-13-29-15.png\" alt=\"\" class=\"wp-image-46\" srcset=\"https:\/\/videira.ifc.edu.br\/29encontrao\/wp-content\/uploads\/sites\/58\/2023\/07\/Captura-de-tela-em-2023-07-07-13-29-15.png 525w, https:\/\/videira.ifc.edu.br\/29encontrao\/wp-content\/uploads\/sites\/58\/2023\/07\/Captura-de-tela-em-2023-07-07-13-29-15-300x271.png 300w, https:\/\/videira.ifc.edu.br\/29encontrao\/wp-content\/uploads\/sites\/58\/2023\/07\/Captura-de-tela-em-2023-07-07-13-29-15-332x300.png 332w\" sizes=\"auto, (max-width: 525px) 100vw, 525px\" \/><\/figure>\n","protected":false},"excerpt":{"rendered":"<p>FECULT &#8211; 13\/10\/2023 &#8211; Sexta-feira CATEGORIA IN\u00c9DITA 19h Samuel Grosselli Boschi (vocal e viol\u00e3o) CTG Rinc\u00e3o dos Guris &#8211; IFC Rio do Sul M\u00fasica RETORNO AO PAGO _________________________ CATEGORIA NATIVISTA 19h10 Ana Laura Engel da Silva (vocal) Guilherme Eduardo Soares &hellip; <a href=\"https:\/\/videira.ifc.edu.br\/29encontrao\/calendario\/\">Continuar lendo <span class=\"meta-nav\">&rarr;<\/span><\/a><\/p>\n","protected":false},"author":26,"featured_media":0,"parent":0,"menu_order":0,"comment_status":"closed","ping_status":"closed","template":"","meta":{"footnotes":""},"class_list":["post-22","page","type-page","status-publish","hentry"],"_links":{"self":[{"href":"https:\/\/videira.ifc.edu.br\/29encontrao\/wp-json\/wp\/v2\/pages\/22","targetHints":{"allow":["GET"]}}],"collection":[{"href":"https:\/\/videira.ifc.edu.br\/29encontrao\/wp-json\/wp\/v2\/pages"}],"about":[{"href":"https:\/\/videira.ifc.edu.br\/29encontrao\/wp-json\/wp\/v2\/types\/page"}],"author":[{"embeddable":true,"href":"https:\/\/videira.ifc.edu.br\/29encontrao\/wp-json\/wp\/v2\/users\/26"}],"replies":[{"embeddable":true,"href":"https:\/\/videira.ifc.edu.br\/29encontrao\/wp-json\/wp\/v2\/comments?post=22"}],"version-history":[{"count":16,"href":"https:\/\/videira.ifc.edu.br\/29encontrao\/wp-json\/wp\/v2\/pages\/22\/revisions"}],"predecessor-version":[{"id":100,"href":"https:\/\/videira.ifc.edu.br\/29encontrao\/wp-json\/wp\/v2\/pages\/22\/revisions\/100"}],"wp:attachment":[{"href":"https:\/\/videira.ifc.edu.br\/29encontrao\/wp-json\/wp\/v2\/media?parent=22"}],"curies":[{"name":"wp","href":"https:\/\/api.w.org\/{rel}","templated":true}]}}

Programação

<p><strong>FECULT</strong> <strong>&#8211;</strong> <strong><em>13/10/2023 &#8211; Sexta-feira</em></strong></p>



<p><strong>CATEGORIA INÉDITA</strong></p>



<p>19h</p>



<p><strong>Samuel Grosselli Boschi (vocal e violão)</strong></p>



<p>CTG Rincão dos Guris &#8211; IFC Rio do Sul</p>



<p>Música <strong>RETORNO AO PAGO</strong></p>



<p>_________________________</p>



<p></p>



<p><strong>CATEGORIA NATIVISTA</strong></p>



<p>19h10</p>



<p><strong>Ana Laura Engel da Silva (vocal)</strong></p>



<p><strong>Guilherme Eduardo Soares da Silva (violão)</strong></p>



<p><strong>Mateus Heck da Rosa (gaita)</strong></p>



<p>Grupo de Danças Sentinela Farroupilha &#8211; IFFar Santa Rosa</p>



<p>Música <strong>RETRATO DOS MEUS PELEGOS</strong></p>



<p>_________________________</p>



<p></p>



<p>19h20</p>



<p><strong>Sofia Pastorello (voz e violão)</strong></p>



<p><strong>Dagmar Pedro Tamanho (bombo leguero)</strong></p>



<p>CTG Tropeiros da Cultura &#8211; IFRS Sertão</p>



<p>Música<strong> MÃES, AMANTES GUERREIRAS</strong></p>



<p>_________________________</p>



<p></p>



<p>19h30</p>



<p><strong>Guilherme Eduardo Soares da Silva (vocal e violão)</strong></p>



<p><strong>Mateus Heck da Rosa (gaita)</strong></p>



<p>Grupo de Danças Sentinela Farroupilha &#8211; IFFar Santa Rosa</p>



<p>_________________________</p>



<p>Música<strong> MILONGA ABAIXO DE MAL TEMPO</strong></p>



<p></p>



<p>19h40</p>



<p><strong>GEOVANA GARDOLIN BOEING (</strong><strong>Vocal e violão)</strong></p>



<p>CTG Rincão dos Guris &#8211; IFC Rio do Sul</p>



<p>Música <strong>MERCEDITA</strong></p>



<p>_________________________</p>



<p>19h50 </p>



<p><strong>Mateus Heck da Rosa</strong><strong> (vocal e violão)</strong></p>



<p><strong>Guilherme Eduardo Soares da Silva</strong><strong> (violão)</strong></p>



<p>Grupo de Danças Sentinela Farroupilha &#8211; IFFar Santa Rosa</p>



<p>Música<strong> CHAMAMECERO</strong></p>



<p></p>



<p>_________________________</p>



<p>20h &#8211;<strong> DECLAMAÇÃO</strong></p>



<p><strong>Ane Lise Benites</strong> &#8211; Gaúcha Guerreira &#8211; Salvador Ferrando Lamberty;</p>



<p><strong>Alana Benites Sturza</strong> &#8211; Prenda Gaúcha &#8211; João Batista de Oliveira Gomes;</p>



<p><strong>Kamili Wagner</strong> &#8211; Sou gaúcha &#8211; Márcia Jack;</p>



<p><strong>Melissa da Rocha</strong> &#8211; Que diacho, eu gostava do meu cusco &#8211; Alcy José de Vargas Cheuiche</p>



<p>///////////////////////////</p>



<p><strong>Programação Noites 29º Encontrão</strong></p>



<p><strong><em>13/10/2023 &#8211; Sexta-feira</em></strong></p>



<p><strong>19h</strong> &#8211; Início Fecult</p>



<p><strong>20h &#8211;</strong> Chico do Porrete &#8211; CTG Herdeiros do Pago &#8211; IFC Videira</p>



<p><strong>20h15</strong> &#8211; Chula &#8211; Grupo de Tradição e Cultural Danças e Andanças&nbsp; &#8211; IFC Santa Rosa do Sul</p>



<p><strong>20h30</strong> &#8211; Dança dos Facões &#8211; CTG Herdeiros do Pago &#8211; IFC Videira</p>



<p><strong>20h45</strong> &#8211; NTG Trempe da Saudade &#8211; IFFar São Vicente do Sul &#8211; Entrada, Saída, Anu,&nbsp;</p>



<p>Polca de relação, Chote Carreirinho</p>



<p><strong>21h15 </strong>&#8211; Grupo de Danças Sentinela Farroupilha &#8211; IFFar &#8211; Santa Rosa &#8211; Entrada, Saída, Chote de Duas Damas, Tatu com Volta no Meio</p>



<p><strong>21h45 </strong>&#8211; DTG Cultura sem fronteira &#8211; IFRS Bento Gonçalves &#8211; Entrada, Chote Carreirinho, Maçanico, Sarrabalho</p>



<p><strong>22h15</strong> &#8211; Baile de Integração</p>



<p>///////////////</p>



<p><strong><em>14/10/2023 &#8211; Sábado</em></strong></p>



<p><strong>19h30</strong> &#8211; CTG Rincão dos Guris &#8211; IFC Rio do Sul &#8211; Entrada, Saída, Chote de Duas Damas, Tirana do Lenço</p>



<p><strong>20h</strong> &#8211; DTG Raízes da Cultura &#8211; IPRS Farroupilha &#8211; Entrada, Chote Carreirinho, Queromana, Tatu com Volta no Meio</p>



<p><strong>20h30</strong> &#8211; CTG Tropeiros da Cultura &#8211; IFRS Sertão &#8211; Chimarrita, Tatu de Castanholas</p>



<p><strong>21h</strong> &#8211; CTG Herdeiros do Pago &#8211; IFC Videira &#8211; Entrada, Saída, Chote Duas Damas, Tatu de Castanholas</p>



<p><strong>21h30</strong> &#8211; Grupo de Tradição e Cultural Danças e Andanças  &#8211; IFC Santa Rosa do Sul &#8211; Balaio, Chote de Duas Damas, Mazurca, Tatu com Volta no Meio</p>



<p><strong>22h</strong> &#8211; Início do Baile com Grupo SINA GAÙCHA</p>



<p><strong>00h</strong> &#8211; Premiação FECULT e troca de mimos</p>



<p><strong>2h</strong> &#8211; Encerramento</p>



<p></p>



<p>&#8212;&#8212;&#8212;&#8212;&#8212;&#8212;&#8212;&#8212;&#8212;&#8212;&#8212;&#8212;&#8212;&#8212;&#8212;&#8212;&#8212;&#8212;&#8212;&#8212;&#8212;&#8212;&#8212;&#8212;&#8212;&#8212;&#8212;&#8212;&#8212;&#8212;&#8212;&#8212;&#8212;&#8212;&#8212;&#8211;</p>



<p></p>



<p><strong><em>Quinta-feira 12/10&nbsp;</em></strong></p>



<p>Recepção das delegações que quiserem chegar neste dia</p>



<p><strong><em>Sexta-feira 13/10</em></strong></p>



<p>7h30 às 8h30: Chegada das delegações</p>



<p>LOCAL: Parque do Rio do peixe Anfiteatro (Concha acústica)</p>



<p>9h: Abertura oficial do 29º ENCONTRÃO</p>



<p>OBS: Na abertura haverá a apresentação das delegações, desta forma, sugerimos que cada campus já venha com uma prenda e um peão devidamente pilchados para a entrada com as bandeiras.</p>



<p>10h00: Início da carreata pela cidade de Videira até o campus do IFC</p>



<p>11h30 às 11h30h: Entrega dos kits às delegações e apresentação dos padrinhos, bem como encaminhamento aos respectivos alojamentos.</p>



<p>12h às 13h30: Almoço (Refeitório do Campus)</p>



<p>12h45min: Reunião dos coordenadores</p>



<p>17h às 18h: Banho</p>



<p>18h às 19h30min: Janta (Refeitório do Campus)</p>



<p>19h: Reunião Coordenadores</p>



<p>20h: FECULT e Apresentação das Invernadas – ordem a ser definida (Parque da Uva &#8211; aproximadamente 8km do campus)</p>



<p>23h: Dança de Integração (maçanico, pezinho, tatu com volta no meio e polinésia)</p>



<p>24h: Baile da integração (animação musical com os grupos dos Campus e conjunto convidado)</p>



<p>1h: Início do retorno ao campus</p>



<p>1h30min: Hora de recolher.&nbsp;</p>



<p>2h: Hora do silêncio</p>



<p></p>



<p><strong><em>Sábado: 14/10</em></strong></p>



<p>06h30min: Alvorada festiva</p>



<p>07h às 08h: Café da manhã (Refeitório do Campus)</p>



<p>11h30min às 13h: Almoço especial (Refeitório do Campus)</p>



<p>12h30min: Reunião dos coordenadores</p>



<p>16h: Prova dos Coordenadores (ginásio do campus)</p>



<p>17h às 18h: Banho</p>



<p>18h às 19h30min: Janta (Refeitório do Campus)</p>



<p>19h: Reunião dos coordenadores</p>



<p>20h: Danças Birivas e Apresentação das Invernadas – ordem a ser definida (Parque da Uva &#8211; aproximadamente 8km do campus)</p>



<p>23h: Dança de Integração (chote carreirinho, chimarrita, chico sapateado e polinésia)</p>



<p>24h: Baile de encerramento.</p>



<p><strong><em>Domingo: 15/10</em></strong></p>



<p>01h: Reunião dos coordenadores de encerramento</p>



<p>02h: Entrega de troféus, medalhas e troca de mimos entre os campi presentes.</p>



<p>03h30min: Retorno ou hora de recolher aos alojamentos.</p>



<p></p>



<p><strong>Horário das Provas</strong></p>



<figure class="wp-block-image size-full"><img loading="lazy" decoding="async" width="525" height="474" src="https://videira.ifc.edu.br/29encontrao/wp-content/uploads/sites/58/2023/07/Captura-de-tela-em-2023-07-07-13-29-15.png" alt="" class="wp-image-46" srcset="https://videira.ifc.edu.br/29encontrao/wp-content/uploads/sites/58/2023/07/Captura-de-tela-em-2023-07-07-13-29-15.png 525w, https://videira.ifc.edu.br/29encontrao/wp-content/uploads/sites/58/2023/07/Captura-de-tela-em-2023-07-07-13-29-15-300x271.png 300w, https://videira.ifc.edu.br/29encontrao/wp-content/uploads/sites/58/2023/07/Captura-de-tela-em-2023-07-07-13-29-15-332x300.png 332w" sizes="auto, (max-width: 525px) 100vw, 525px" /></figure>

<p>FECULT &#8211; 13/10/2023 &#8211; Sexta-feira CATEGORIA INÉDITA 19h Samuel Grosselli Boschi (vocal e violão) CTG Rincão dos Guris &#8211; IFC Rio do Sul Música RETORNO AO PAGO _________________________ CATEGORIA NATIVISTA 19h10 Ana Laura Engel da Silva (vocal) Guilherme Eduardo Soares &hellip; <a href="https://videira.ifc.edu.br/29encontrao/calendario/">Continuar lendo <span class="meta-nav">&rarr;</span></a></p>
