{"id":1132,"date":"2020-09-11T16:33:28","date_gmt":"2020-09-11T19:33:28","guid":{"rendered":"http:\/\/videira.ifc.edu.br\/fice\/?page_id=1132"},"modified":"2021-09-16T09:31:05","modified_gmt":"2021-09-16T12:31:05","slug":"programacao","status":"publish","type":"page","link":"https:\/\/videira.ifc.edu.br\/fice\/edicoes-anteriores\/2020-9a-edicao\/programacao\/","title":{"rendered":"Programa\u00e7\u00e3o"},"content":{"rendered":"\n<p>14h \u2013 Abertura<\/p>\n\n\n\n<ul class=\"wp-block-list\"><li>Apresenta\u00e7\u00e3o institucional;<\/li><li>Participa\u00e7\u00e3o dos diretores e coordenadores \u2013 Coordena\u00e7\u00e3o de Pesquisa, Coordena\u00e7\u00e3o de Extens\u00e3o, Dire\u00e7\u00e3o Geral, Diretora do Departamento de Ensino, Pesquisa e Extens\u00e3o;<\/li><li>Momento cultural;<\/li><\/ul>\n\n\n\n<p><\/p>\n\n\n\n<p>14h15 \u2013 Apresenta\u00e7\u00e3o dos coordenadores dos cursos de Ensino M\u00e9dio T\u00e9cnico Integrado em Agropecu\u00e1ria, T\u00e9cnico Subsequente em Agropecu\u00e1ria e Superior em Agronomia<\/p>\n\n\n\n<ul class=\"wp-block-list\"><li>Depoimento de aluno e egresso (ex-aluno) do IFC;<\/li><li>Trabalhos de estudantes dos cursos de Ensino M\u00e9dio T\u00e9cnico Integrado em Agropecu\u00e1ria, T\u00e9cnico Subsequente em Agropecu\u00e1ria e Superior em Agronomia:<ul><li>14h30 &#8211; Efeito de diferentes porta-enxertos no desenvolvimento inicial da videira cultivar bord\u00f4 \u2013 B\u00e1rbara Pastore Viecelli<\/li><li>14h37 &#8211; Atividades terap\u00eauticas no centro de aten\u00e7\u00e3o psicossocial de Videira-SC (CAPS) \u2013 Milena F\u00e1tima Rigo<\/li><li>14h44 &#8211; As cientistas: quem disse que ci\u00eancia n\u00e3o \u00e9 para as mulheres? &#8211; Adri\u00e9le Perazzoli<\/li><li>14h51 &#8211; Desenvolvimento de um minhoc\u00e1rio campeiro para produ\u00e7\u00e3o de h\u00famus \u2013 Let\u00edcia Lins<\/li><li>14h58 &#8211; Tensiometro de baixo custo para o monitoramento de \u00e1gua no solo: sensor de umidade do solo com plataforma arduino \u2013 Eduardo Borga Farina<\/li><li>15h05 &#8211; Monitoramento de pragas de cultura do feij\u00e3o e demonstra\u00e7\u00e3o da sua import\u00e2ncia aos produtores rurais \u2013 Julia Fantin<\/li><li>15h12 &#8211; Silagens de trigo BRS pastoreio com diferentes doses de inoculante microbiano \u2013 Mateus Mitterer Pernlocher<\/li><li>15h19 &#8211; Efeito da interenxertia no crescimento vegetativo de mudas de Videira \u2013 Cintia Rubini<\/li><li>15h26 &#8211; Comportamento higi\u00eanico e produ\u00e7\u00e3o de mel e cera de abelhas \u2013 Laura Em\u00edlia dos Anjos Cordeiro<\/li><\/ul><\/li><\/ul>\n\n\n\n<p><br>15h35 &#8211; Apresenta\u00e7\u00e3o do coordenador do curso de Ensino M\u00e9dio T\u00e9cnico Integrado em Eletroeletr\u00f4nica<\/p>\n\n\n\n<ul class=\"wp-block-list\"><li>Depoimento de aluno e egresso (ex-aluno) do IFC;<\/li><li>Trabalhos de estudantes do curso de Ensino M\u00e9dio T\u00e9cnico Integrado em Eletroeletr\u00f4nica:<ul><li>15h50 &#8211; Escola de rock: um olhar sociol\u00f3gico sobre o rock&#8217;n&#8217;roll \u2013 Thalles Gabriel Felipe<\/li><li>15h57 &#8211; IFeletro Consultoria e Manuten\u00e7\u00e3o \u2013 Tiffany Raiser Bolzan<\/li><\/ul><\/li><\/ul>\n\n\n\n<p>16h05 &#8211; Apresenta\u00e7\u00e3o do coordenador do curso de Ensino M\u00e9dio T\u00e9cnico Integrado em Inform\u00e1tica<\/p>\n\n\n\n<ul class=\"wp-block-list\"><li>Depoimento de aluno e egresso (ex-aluno) do IFC;<\/li><li>Trabalhos de estudantes do curso de Ensino M\u00e9dio T\u00e9cnico Integrado em Inform\u00e1tica:<ul><li>16h20 &#8211; Canto folcl\u00f3rico italiano \u2013 Bruno Vin\u00edcius Pergher<\/li><li>16h27 &#8211; Bate-papo sobre impactos socioambientais \u2013 Kayana Renata Barboza<\/li><li>16h34 &#8211; Instituto Federal Catarinense \u2013 Campus Videira incentivando as escolas de Videira-SC a participarem da Olimp\u00edada Brasileira de Inform\u00e1tica \u2013 OBI 2019 &#8211; Dyeizon Procopiuk da Silva<\/li><li>16h41 &#8211; Mulheres mil \u2013 perfil das participantes do projeto do Instituto Federal Catarinense \u2013 Campus Videira \u2013 Bruno Vin\u00edcius Pergher<\/li><li>16h48 &#8211; Olimp\u00edada Brasileira de Inform\u00e1tica \u2013 OBI 2020 nas escolas do munic\u00edpio de Videira-SC &#8211; Dyeizon Procopiuk da Silva<\/li><li>16h55 &#8211; Perfil dos participantes do grupo de dan\u00e7a ga\u00facha do Instituto Federal Catarinense \u2013 CTG &#8211; Campus Videira \u2013 Bruno Vin\u00edcius Pergher<\/li><\/ul><\/li><\/ul>\n\n\n\n<p><\/p>\n\n\n\n<p class=\"has-text-align-center\"><strong>INTERVALO<\/strong><\/p>\n\n\n\n<p>19h \u2013 Abertura<\/p>\n\n\n\n<ul class=\"wp-block-list\"><li>Apresenta\u00e7\u00e3o institucional<\/li><li>Participa\u00e7\u00e3o dos diretores e coordenadores \u2013 Coordena\u00e7\u00e3o de Pesquisa, Coordena\u00e7\u00e3o de Extens\u00e3o, Dire\u00e7\u00e3o Geral, Diretora do Departamento de Ensino, Pesquisa e Extens\u00e3o;<\/li><li>Momento cultural;<\/li><\/ul>\n\n\n\n<p><br>19h15 &#8211; Apresenta\u00e7\u00e3o do coordenador dos curso Superior de Licenciatura em Pedagogia<\/p>\n\n\n\n<ul class=\"wp-block-list\"><li>Depoimento de aluno e egresso (ex-aluno) do IFC;<\/li><li>Trabalhos de estudantes do curso superior de Licenciatura em Pedagogia:<ul><li>19h30 -Reencantando Malba Tahan: articula\u00e7\u00f5es entre literatura e matem\u00e1tica \u2013 Francielle Bandt e Clariane Wisniewski<\/li><\/ul><ul><li>19h37 &#8211; Expectativas profissionais dos estudantes do terceiro ano do ensino m\u00e9dio do Instituto Federal Catarinense Campus Videira: um olhar a partir do programa de orienta\u00e7\u00e3o profissional \u2013 Carolina Fiorelli<\/li><li>19h44 &#8211; Piano para todos \u2013 Regiane Marques Lopes da Rosa<\/li><li>19h51 &#8211; Implanta\u00e7\u00e3o da diretriz curricular da educa\u00e7\u00e3o infantil da AMARP no munic\u00edpio de Iomer\u00ea &#8211; Santa Catarina \u2013 Eduarda da Silva Chaves<br><br><\/li><\/ul><\/li><\/ul>\n\n\n\n<p>20h &#8211; Apresenta\u00e7\u00e3o do coordenador dos curso T\u00e9cnico Subsequente em Eletrot\u00e9cnica e superior em Engenharia El\u00e9trica<\/p>\n\n\n\n<ul class=\"wp-block-list\"><li>Depoimento de aluno e egresso (ex-aluno) do IFC;<\/li><li>Trabalhos de estudantes do curso T\u00e9cnico Subsequentes em Eletrot\u00e9cnica e superior em Engenharia El\u00e9trica:<ul><li>20h15 &#8211; Desenvolvimento de um sistema rastreador solar de dois eixos aplicado \u00e0 sistemas fotovoltaicos \u2013 Leticia Raimondi e Gustavo Melo<\/li><li>20h22 &#8211; Projeto e constru\u00e7\u00e3o de uma fonte CC com controle digital de tens\u00e3o e corrente para uso em laborat\u00f3rios did\u00e1ticos \u2013 Lauana Cenci<\/li><\/ul><\/li><\/ul>\n\n\n\n<p><br>20h30 &#8211; Apresenta\u00e7\u00e3o do coordenador do curso T\u00e9cnico Subsequente em Seguran\u00e7a do Trabalho<\/p>\n\n\n\n<ul class=\"wp-block-list\"><li>Depoimento de aluno e egresso (ex-aluno) do IFC;<\/li><li>Trabalho de estudante do curso T\u00e9cnico Subsequente em Seguran\u00e7a do Trabalho:<ul><li>20h45 \u2013 Caf\u00e9 com seguran\u00e7a \u2013 Antonio Ricardo Puff<\/li><\/ul><\/li><\/ul>\n\n\n\n<p>20h55 &#8211; Apresenta\u00e7\u00e3o do coordenador dos curso superior em Ci\u00eancia da Computa\u00e7\u00e3o<\/p>\n\n\n\n<ul class=\"wp-block-list\"><li>Depoimento de aluno e egresso (ex-aluno) do IFC;<\/li><li>Trabalhos de estudantes do curso superior em Ci\u00eancia da Computa\u00e7\u00e3o:<ul><li>21h10 &#8211; Uso de jogos l\u00f3gicos no ensino de l\u00f3gica de programa\u00e7\u00e3o para alunos do ensino fundamental II na cidade de Videira \u2013 SC \u2013 Rebecca Pereira Martinho<\/li><li>21h17 &#8211; Ensino de l\u00f3gica de programa\u00e7\u00e3o para alunos do ensino fundamental II da Escola de Educa\u00e7\u00e3o B\u00e1sica Padre Bruno Pokolm \u2013 Luan Bruno de Melo Concei\u00e7\u00e3o<\/li><li>21h24 &#8211; O governo dos algoritmos: subjetividade, vigil\u00e2ncia e tecnologia &#8211; Salom\u00f3n Abasto Mac\u00edas<\/li><li>21h31 &#8211; Ensino de l\u00f3gica de programa\u00e7\u00e3o para alunos do ensino fundamental II da Escola de Educa\u00e7\u00e3o B\u00e1sica Municipal Crian\u00e7a do Futuro (CAIC) \u2013 Kaio Takeshi Arakawa dos Santos<\/li><li>21h38 &#8211; Programa para ensino de l\u00f3gica de programa\u00e7\u00e3o para alunos do ensino fundamental II em escolas p\u00fablicas de Videira \u2013 SC \u2013 Wesley Bortolozo<\/li><li>21h45 &#8211; Ensino de l\u00f3gica de programa\u00e7\u00e3o para alunos do ensino fundamental II de escolas municipais de Videira \u2013 SC \u2013 Camilla Pozer de Matos<\/li><\/ul><\/li><\/ul>\n\n\n\n<p>21h55 &#8211; Encerramento<\/p>\n","protected":false},"excerpt":{"rendered":"<p>14h \u2013 Abertura Apresenta\u00e7\u00e3o institucional; Participa\u00e7\u00e3o dos diretores e coordenadores \u2013 Coordena\u00e7\u00e3o de Pesquisa, Coordena\u00e7\u00e3o de Extens\u00e3o, Dire\u00e7\u00e3o Geral, Diretora do Departamento de Ensino, Pesquisa e Extens\u00e3o; Momento cultural; 14h15 \u2013 Apresenta\u00e7\u00e3o dos coordenadores dos cursos de Ensino M\u00e9dio T\u00e9cnico &hellip; <a href=\"https:\/\/videira.ifc.edu.br\/fice\/edicoes-anteriores\/2020-9a-edicao\/programacao\/\">Continuar lendo <span class=\"meta-nav\">&rarr;<\/span><\/a><\/p>\n","protected":false},"author":26,"featured_media":0,"parent":1192,"menu_order":0,"comment_status":"closed","ping_status":"closed","template":"","meta":{"footnotes":""},"class_list":["post-1132","page","type-page","status-publish","hentry"],"_links":{"self":[{"href":"https:\/\/videira.ifc.edu.br\/fice\/wp-json\/wp\/v2\/pages\/1132","targetHints":{"allow":["GET"]}}],"collection":[{"href":"https:\/\/videira.ifc.edu.br\/fice\/wp-json\/wp\/v2\/pages"}],"about":[{"href":"https:\/\/videira.ifc.edu.br\/fice\/wp-json\/wp\/v2\/types\/page"}],"author":[{"embeddable":true,"href":"https:\/\/videira.ifc.edu.br\/fice\/wp-json\/wp\/v2\/users\/26"}],"replies":[{"embeddable":true,"href":"https:\/\/videira.ifc.edu.br\/fice\/wp-json\/wp\/v2\/comments?post=1132"}],"version-history":[{"count":6,"href":"https:\/\/videira.ifc.edu.br\/fice\/wp-json\/wp\/v2\/pages\/1132\/revisions"}],"predecessor-version":[{"id":1143,"href":"https:\/\/videira.ifc.edu.br\/fice\/wp-json\/wp\/v2\/pages\/1132\/revisions\/1143"}],"up":[{"embeddable":true,"href":"https:\/\/videira.ifc.edu.br\/fice\/wp-json\/wp\/v2\/pages\/1192"}],"wp:attachment":[{"href":"https:\/\/videira.ifc.edu.br\/fice\/wp-json\/wp\/v2\/media?parent=1132"}],"curies":[{"name":"wp","href":"https:\/\/api.w.org\/{rel}","templated":true}]}}