{"id":1144,"date":"2020-11-27T09:46:19","date_gmt":"2020-11-27T12:46:19","guid":{"rendered":"http:\/\/videira.ifc.edu.br\/fice\/?page_id=1144"},"modified":"2021-09-16T09:30:18","modified_gmt":"2021-09-16T12:30:18","slug":"anais-do-evento","status":"publish","type":"page","link":"https:\/\/videira.ifc.edu.br\/fice\/edicoes-anteriores\/2020-9a-edicao\/anais-do-evento\/","title":{"rendered":"Anais do Evento"},"content":{"rendered":"\n<p>(ISSN \u2013 2317-9716)<\/p>\n\n\n\n<p>Abaixo est\u00e3o dispon\u00edveis os projetos apresentados durante a 9\u00aa FICE do IFC Campus Videira, realizada em 21 de Outubro de 2020.<\/p>\n\n\n\n<p><strong>Artigos Pesquisa &#8211; Projetos Conclu\u00eddos<\/strong><\/p>\n\n\n\n<div class=\"wp-block-file\"><a href=\"https:\/\/videira.ifc.edu.br\/fice\/wp-content\/uploads\/sites\/27\/2020\/11\/As-cientistas-quem-disse-que-ciencia-nao-e-para-as-mulheres-\u2013-Adriele-Perazzoli-e-Cintia.pdf\">As-cientistas-quem-disse-que-ciencia-nao-e-para-as-mulheres-\u2013-Adriele-Perazzoli-e-Cintia<\/a><a href=\"https:\/\/videira.ifc.edu.br\/fice\/wp-content\/uploads\/sites\/27\/2020\/11\/As-cientistas-quem-disse-que-ciencia-nao-e-para-as-mulheres-\u2013-Adriele-Perazzoli-e-Cintia.pdf\" class=\"wp-block-file__button\" download>Baixar<\/a><\/div>\n\n\n\n<div class=\"wp-block-file\"><a href=\"https:\/\/videira.ifc.edu.br\/fice\/wp-content\/uploads\/sites\/27\/2020\/11\/Efeito-de-diferentes-porta-enxertos-no-desenvolvimento-inicial-da-videira-cultivar-bordo-\u2013-Barbara-e-Gilson.pdf\">Efeito-de-diferentes-porta-enxertos-no-desenvolvimento-inicial-da-videira-cultivar-bordo-\u2013-Barbara-e-Gilson<\/a><a href=\"https:\/\/videira.ifc.edu.br\/fice\/wp-content\/uploads\/sites\/27\/2020\/11\/Efeito-de-diferentes-porta-enxertos-no-desenvolvimento-inicial-da-videira-cultivar-bordo-\u2013-Barbara-e-Gilson.pdf\" class=\"wp-block-file__button\" download>Baixar<\/a><\/div>\n\n\n\n<div class=\"wp-block-file\"><a href=\"https:\/\/videira.ifc.edu.br\/fice\/wp-content\/uploads\/sites\/27\/2020\/11\/Mulheres-mil-\u2013-perfil-das-participantes-do-projeto-do-Instituto-Federal-Catarinense-\u2013-Campus-Videira.-Leila-e-Bruno-Vinicius-Pergher.pdf\">Mulheres-mil-\u2013-perfil-das-participantes-do-projeto-do-Instituto-Federal-Catarinense-\u2013-Campus-Videira.-Leila-e-Bruno-Vinicius-Pergher<\/a><a href=\"https:\/\/videira.ifc.edu.br\/fice\/wp-content\/uploads\/sites\/27\/2020\/11\/Mulheres-mil-\u2013-perfil-das-participantes-do-projeto-do-Instituto-Federal-Catarinense-\u2013-Campus-Videira.-Leila-e-Bruno-Vinicius-Pergher.pdf\" class=\"wp-block-file__button\" download>Baixar<\/a><\/div>\n\n\n\n<div class=\"wp-block-file\"><a href=\"https:\/\/videira.ifc.edu.br\/fice\/wp-content\/uploads\/sites\/27\/2020\/11\/Reencantando-Malba-Tahan-articulacoes-entre-literatura-e-matematica.-Sandra-Rostirola-e-Francielle-Bandt.pdf\">Reencantando-Malba-Tahan-articulacoes-entre-literatura-e-matematica.-Sandra-Rostirola-e-Francielle-Bandt<\/a><a href=\"https:\/\/videira.ifc.edu.br\/fice\/wp-content\/uploads\/sites\/27\/2020\/11\/Reencantando-Malba-Tahan-articulacoes-entre-literatura-e-matematica.-Sandra-Rostirola-e-Francielle-Bandt.pdf\" class=\"wp-block-file__button\" download>Baixar<\/a><\/div>\n\n\n\n<div class=\"wp-block-file\"><a href=\"https:\/\/videira.ifc.edu.br\/fice\/wp-content\/uploads\/sites\/27\/2020\/11\/Silagens-de-trigo-BRS-pastoreio-com-diferentes-doses-de-inoculante-microbiano-\u2013-Mateus-Mitterer-Pernlocher-e-Andressa.pdf\">Silagens-de-trigo-BRS-pastoreio-com-diferentes-doses-de-inoculante-microbiano-\u2013-Mateus-Mitterer-Pernlocher-e-Andressa<\/a><a href=\"https:\/\/videira.ifc.edu.br\/fice\/wp-content\/uploads\/sites\/27\/2020\/11\/Silagens-de-trigo-BRS-pastoreio-com-diferentes-doses-de-inoculante-microbiano-\u2013-Mateus-Mitterer-Pernlocher-e-Andressa.pdf\" class=\"wp-block-file__button\" download>Baixar<\/a><\/div>\n\n\n\n<div class=\"wp-block-file\"><a href=\"https:\/\/videira.ifc.edu.br\/fice\/wp-content\/uploads\/sites\/27\/2020\/11\/Tensiometro-de-baixo-custo-para-o-monitoramento-de-agua-no-solo-sensor-de-umidade-do-solo-com-plataforma-arduino-\u2013-Eduardo-Borga-Farina-Allan.pdf\">Tensiometro-de-baixo-custo-para-o-monitoramento-de-agua-no-solo-sensor-de-umidade-do-solo-com-plataforma-arduino-\u2013-Eduardo-Borga-Farina-Allan<\/a><a href=\"https:\/\/videira.ifc.edu.br\/fice\/wp-content\/uploads\/sites\/27\/2020\/11\/Tensiometro-de-baixo-custo-para-o-monitoramento-de-agua-no-solo-sensor-de-umidade-do-solo-com-plataforma-arduino-\u2013-Eduardo-Borga-Farina-Allan.pdf\" class=\"wp-block-file__button\" download>Baixar<\/a><\/div>\n\n\n\n<hr class=\"wp-block-separator\" \/>\n\n\n\n<p><strong>Artigos Extens\u00e3o &#8211; Projetos Conclu\u00eddos<\/strong><\/p>\n\n\n\n<div class=\"wp-block-file\"><a href=\"https:\/\/videira.ifc.edu.br\/fice\/wp-content\/uploads\/sites\/27\/2020\/11\/CANTO-FOLCLORICO-ITALIANO-Leila-e-Bruno.pdf\">CANTO-FOLCLORICO-ITALIANO-Leila-e-Bruno<\/a><a href=\"https:\/\/videira.ifc.edu.br\/fice\/wp-content\/uploads\/sites\/27\/2020\/11\/CANTO-FOLCLORICO-ITALIANO-Leila-e-Bruno.pdf\" class=\"wp-block-file__button\" download>Baixar<\/a><\/div>\n\n\n\n<div class=\"wp-block-file\"><a href=\"https:\/\/videira.ifc.edu.br\/fice\/wp-content\/uploads\/sites\/27\/2020\/11\/Escola-de-rock-um-olhar-sociologico-sobre-o-rocknroll-Marcos-Monteiro-e-Thalles-Gabriel-Felipe.pdf\">Escola-de-rock-um-olhar-sociologico-sobre-o-rocknroll-Marcos-Monteiro-e-Thalles-Gabriel-Felipe<\/a><a href=\"https:\/\/videira.ifc.edu.br\/fice\/wp-content\/uploads\/sites\/27\/2020\/11\/Escola-de-rock-um-olhar-sociologico-sobre-o-rocknroll-Marcos-Monteiro-e-Thalles-Gabriel-Felipe.pdf\" class=\"wp-block-file__button\" download>Baixar<\/a><\/div>\n\n\n\n<div class=\"wp-block-file\"><a href=\"https:\/\/videira.ifc.edu.br\/fice\/wp-content\/uploads\/sites\/27\/2020\/11\/OBI-2019-Leila-e-Dyeizon.pdf\">OBI-2019-Leila-e-Dyeizon<\/a><a href=\"https:\/\/videira.ifc.edu.br\/fice\/wp-content\/uploads\/sites\/27\/2020\/11\/OBI-2019-Leila-e-Dyeizon.pdf\" class=\"wp-block-file__button\" download>Baixar<\/a><\/div>\n\n\n\n<div class=\"wp-block-file\"><a href=\"https:\/\/videira.ifc.edu.br\/fice\/wp-content\/uploads\/sites\/27\/2020\/11\/SILAGENS-DE-TRIGO-BRS-PASTOREIO-COM-DIFERENTES-DOSES-DE-Andressa-e-Mateus.pdf\">SILAGENS-DE-TRIGO-BRS-PASTOREIO-COM-DIFERENTES-DOSES-DE-Andressa-e-Mateus<\/a><a href=\"https:\/\/videira.ifc.edu.br\/fice\/wp-content\/uploads\/sites\/27\/2020\/11\/SILAGENS-DE-TRIGO-BRS-PASTOREIO-COM-DIFERENTES-DOSES-DE-Andressa-e-Mateus.pdf\" class=\"wp-block-file__button\" download>Baixar<\/a><\/div>\n\n\n\n<div class=\"wp-block-file\"><a href=\"https:\/\/videira.ifc.edu.br\/fice\/wp-content\/uploads\/sites\/27\/2021\/05\/ENSINO-DE-LOGICA-DE-PROGRAMACAO-PARA-ALUNOS-DO-ENSINO-FUNDAMENTAL-II-DA-ESCOLA-DE-EDUCACAO-BASICA-MUNICIPAL-CRIANCA-DO-FUTURO-CAIC-Kaio-Camila-e-Diego.pdf\">ENSINO-DE-LOGICA-DE-PROGRAMACAO-PARA-ALUNOS-DO-ENSINO-FUNDAMENTAL-II-DA-ESCOLA-DE-EDUCACAO-BASICA-MUNICIPAL-CRIANCA-DO-FUTURO-CAIC-Kaio-Camila-e-Diego<\/a><a href=\"https:\/\/videira.ifc.edu.br\/fice\/wp-content\/uploads\/sites\/27\/2021\/05\/ENSINO-DE-LOGICA-DE-PROGRAMACAO-PARA-ALUNOS-DO-ENSINO-FUNDAMENTAL-II-DA-ESCOLA-DE-EDUCACAO-BASICA-MUNICIPAL-CRIANCA-DO-FUTURO-CAIC-Kaio-Camila-e-Diego.pdf\" class=\"wp-block-file__button\" download>Baixar<\/a><\/div>\n\n\n\n<div class=\"wp-block-file\"><a href=\"https:\/\/videira.ifc.edu.br\/fice\/wp-content\/uploads\/sites\/27\/2021\/05\/ENSINO-DE-LOGICA-DE-PROGRAMACAO-PARA-ALUNOS-DO-ENSINO-FUNDAMENTAL-II-DA-ESCOLA-DE-EDUCACAO-BASICA-PADRE-BRUNO-POKOLM-Luan-Wesley-e-Diego.pdf\">ENSINO-DE-LOGICA-DE-PROGRAMACAO-PARA-ALUNOS-DO-ENSINO-FUNDAMENTAL-II-DA-ESCOLA-DE-EDUCACAO-BASICA-PADRE-BRUNO-POKOLM-Luan-Wesley-e-Diego<\/a><a href=\"https:\/\/videira.ifc.edu.br\/fice\/wp-content\/uploads\/sites\/27\/2021\/05\/ENSINO-DE-LOGICA-DE-PROGRAMACAO-PARA-ALUNOS-DO-ENSINO-FUNDAMENTAL-II-DA-ESCOLA-DE-EDUCACAO-BASICA-PADRE-BRUNO-POKOLM-Luan-Wesley-e-Diego.pdf\" class=\"wp-block-file__button\" download>Baixar<\/a><\/div>\n\n\n\n<div class=\"wp-block-file\"><a href=\"https:\/\/videira.ifc.edu.br\/fice\/wp-content\/uploads\/sites\/27\/2021\/05\/PROGRAMA-PARA-ENSINO-DE-LOGICA-DE-PROGRAMACAO-PARA-ALUNOS-DO-ENSINO-FUNDAMENTAL-II-EM-ESCOLAS-PUBLICAS-DE-VIDEIRA-SC-Wesley-Luan-e-Diego.pdf\">PROGRAMA-PARA-ENSINO-DE-LOGICA-DE-PROGRAMACAO-PARA-ALUNOS-DO-ENSINO-FUNDAMENTAL-II-EM-ESCOLAS-PUBLICAS-DE-VIDEIRA-SC-Wesley-Luan-e-Diego<\/a><a href=\"https:\/\/videira.ifc.edu.br\/fice\/wp-content\/uploads\/sites\/27\/2021\/05\/PROGRAMA-PARA-ENSINO-DE-LOGICA-DE-PROGRAMACAO-PARA-ALUNOS-DO-ENSINO-FUNDAMENTAL-II-EM-ESCOLAS-PUBLICAS-DE-VIDEIRA-SC-Wesley-Luan-e-Diego.pdf\" class=\"wp-block-file__button\" download>Baixar<\/a><\/div>\n\n\n\n<div class=\"wp-block-file\"><a href=\"https:\/\/videira.ifc.edu.br\/fice\/wp-content\/uploads\/sites\/27\/2021\/05\/USO-DE-JOGOS-LOGICOS-NO-ENSINO-DE-LOGICA-DE-PROGRAMACAO-PARA-ALUNOS-DO-ENSINO-FUNDAMENTAL-II-NA-CIDADE-DE-VIDEIRA-SC-Rebecca-Bruno-e-Diego.pdf\">USO-DE-JOGOS-LOGICOS-NO-ENSINO-DE-LOGICA-DE-PROGRAMACAO-PARA-ALUNOS-DO-ENSINO-FUNDAMENTAL-II-NA-CIDADE-DE-VIDEIRA-SC-Rebecca-Bruno-e-Diego<\/a><a href=\"https:\/\/videira.ifc.edu.br\/fice\/wp-content\/uploads\/sites\/27\/2021\/05\/USO-DE-JOGOS-LOGICOS-NO-ENSINO-DE-LOGICA-DE-PROGRAMACAO-PARA-ALUNOS-DO-ENSINO-FUNDAMENTAL-II-NA-CIDADE-DE-VIDEIRA-SC-Rebecca-Bruno-e-Diego.pdf\" class=\"wp-block-file__button\" download>Baixar<\/a><\/div>\n\n\n\n<hr class=\"wp-block-separator\" \/>\n\n\n\n<p><strong>Resumos Pesquisa &#8211; Projetos em Andamento<\/strong><\/p>\n\n\n\n<div class=\"wp-block-file\"><a href=\"https:\/\/videira.ifc.edu.br\/fice\/wp-content\/uploads\/sites\/27\/2020\/11\/Bate-papo-sobre-impactos-socioambientais-\u2013-Kayana-Renata-Barboza-Raffael.pdf\">Bate-papo-sobre-impactos-socioambientais-\u2013-Kayana-Renata-Barboza-Raffael<\/a><a href=\"https:\/\/videira.ifc.edu.br\/fice\/wp-content\/uploads\/sites\/27\/2020\/11\/Bate-papo-sobre-impactos-socioambientais-\u2013-Kayana-Renata-Barboza-Raffael.pdf\" class=\"wp-block-file__button\" download>Baixar<\/a><\/div>\n\n\n\n<div class=\"wp-block-file\"><a href=\"https:\/\/videira.ifc.edu.br\/fice\/wp-content\/uploads\/sites\/27\/2020\/11\/Comportamento-higienico-e-producao-de-mel-e-cera-de-abelhas-\u2013-Laura-e-Andress.pdf\">Comportamento-higienico-e-producao-de-mel-e-cera-de-abelhas-\u2013-Laura-e-Andress<\/a><a href=\"https:\/\/videira.ifc.edu.br\/fice\/wp-content\/uploads\/sites\/27\/2020\/11\/Comportamento-higienico-e-producao-de-mel-e-cera-de-abelhas-\u2013-Laura-e-Andress.pdf\" class=\"wp-block-file__button\" download>Baixar<\/a><\/div>\n\n\n\n<div class=\"wp-block-file\"><a href=\"https:\/\/videira.ifc.edu.br\/fice\/wp-content\/uploads\/sites\/27\/2020\/11\/Desenvolvimento-de-um-sistema-rastreador-solar-de-dois-eixos-aplicado-a-sistemas-fotovoltaicos-\u2013-Leticia-Raimondi-e-Carlos-Oliboni.pdf\">Desenvolvimento-de-um-sistema-rastreador-solar-de-dois-eixos-aplicado-a-sistemas-fotovoltaicos-\u2013-Leticia-Raimondi-e-Carlos-Oliboni<\/a><a href=\"https:\/\/videira.ifc.edu.br\/fice\/wp-content\/uploads\/sites\/27\/2020\/11\/Desenvolvimento-de-um-sistema-rastreador-solar-de-dois-eixos-aplicado-a-sistemas-fotovoltaicos-\u2013-Leticia-Raimondi-e-Carlos-Oliboni.pdf\" class=\"wp-block-file__button\" download>Baixar<\/a><\/div>\n\n\n\n<div class=\"wp-block-file\"><a href=\"https:\/\/videira.ifc.edu.br\/fice\/wp-content\/uploads\/sites\/27\/2020\/11\/O-governo-dos-algoritmos-subjetividade-vigilancia-e-tecnologia-\u2013-Salomon-e-Sergio.pdf\">O-governo-dos-algoritmos-subjetividade-vigilancia-e-tecnologia-\u2013-Salomon-e-Sergio<\/a><a href=\"https:\/\/videira.ifc.edu.br\/fice\/wp-content\/uploads\/sites\/27\/2020\/11\/O-governo-dos-algoritmos-subjetividade-vigilancia-e-tecnologia-\u2013-Salomon-e-Sergio.pdf\" class=\"wp-block-file__button\" download>Baixar<\/a><\/div>\n\n\n\n<div class=\"wp-block-file\"><a href=\"https:\/\/videira.ifc.edu.br\/fice\/wp-content\/uploads\/sites\/27\/2020\/11\/Implantacao-da-diretriz-curricular-da-educacao-infantil-da-AMARP-no-municipio-de-Iomere-\u2013-Santa-Catarina-\u2013-Eduarda-da-Silva-e-Valdinei.pdf\">Implantacao-da-diretriz-curricular-da-educacao-infantil-da-AMARP-no-municipio-de-Iomere-\u2013-Santa-Catarina-\u2013-Eduarda-da-Silva-e-Valdinei<\/a><a href=\"https:\/\/videira.ifc.edu.br\/fice\/wp-content\/uploads\/sites\/27\/2020\/11\/Implantacao-da-diretriz-curricular-da-educacao-infantil-da-AMARP-no-municipio-de-Iomere-\u2013-Santa-Catarina-\u2013-Eduarda-da-Silva-e-Valdinei.pdf\" class=\"wp-block-file__button\" download>Baixar<\/a><\/div>\n\n\n\n<div class=\"wp-block-file\"><a href=\"https:\/\/videira.ifc.edu.br\/fice\/wp-content\/uploads\/sites\/27\/2020\/11\/Perfil-dos-participantes-do-grupo-de-danca-gaucha-do-Instituto-Federal-Catarinense-\u2013-CTG-\u2013-Campus-Videira.-Leila-e-Bruno-Vinicius-Pergher.pdf\">Perfil-dos-participantes-do-grupo-de-danca-gaucha-do-Instituto-Federal-Catarinense-\u2013-CTG-\u2013-Campus-Videira.-Leila-e-Bruno-Vinicius-Pergher<\/a><a href=\"https:\/\/videira.ifc.edu.br\/fice\/wp-content\/uploads\/sites\/27\/2020\/11\/Perfil-dos-participantes-do-grupo-de-danca-gaucha-do-Instituto-Federal-Catarinense-\u2013-CTG-\u2013-Campus-Videira.-Leila-e-Bruno-Vinicius-Pergher.pdf\" class=\"wp-block-file__button\" download>Baixar<\/a><\/div>\n\n\n\n<div class=\"wp-block-file\"><a href=\"https:\/\/videira.ifc.edu.br\/fice\/wp-content\/uploads\/sites\/27\/2020\/11\/Projeto-e-construcao-de-uma-fonte-CC-com-controle-digital-de-tensao-e-corrente-para-uso-em-laboratorios-didaticos-\u2013-Lauana-Cenci-e-Jonatan.pdf\">Projeto-e-construcao-de-uma-fonte-CC-com-controle-digital-de-tensao-e-corrente-para-uso-em-laboratorios-didaticos-\u2013-Lauana-Cenci-e-Jonatan<\/a><a href=\"https:\/\/videira.ifc.edu.br\/fice\/wp-content\/uploads\/sites\/27\/2020\/11\/Projeto-e-construcao-de-uma-fonte-CC-com-controle-digital-de-tensao-e-corrente-para-uso-em-laboratorios-didaticos-\u2013-Lauana-Cenci-e-Jonatan.pdf\" class=\"wp-block-file__button\" download>Baixar<\/a><\/div>\n\n\n\n<div class=\"wp-block-file\"><a href=\"https:\/\/videira.ifc.edu.br\/fice\/wp-content\/uploads\/sites\/27\/2020\/11\/Expectativas-profissionais-dos-estudantes-do-terceiro-ano-do-ensino-medio-do-IFC-Campus-Videira-um-olhar-a-partir-do-programa-de-orientacao-profissional-\u2013-Carolina-Fiorelli.pdf\">Expectativas-profissionais-dos-estudantes-do-terceiro-ano-do-ensino-medio-do-IFC-Campus-Videira-um-olhar-a-partir-do-programa-de-orientacao-profissional-\u2013-Carolina-Fiorelli<\/a><a href=\"https:\/\/videira.ifc.edu.br\/fice\/wp-content\/uploads\/sites\/27\/2020\/11\/Expectativas-profissionais-dos-estudantes-do-terceiro-ano-do-ensino-medio-do-IFC-Campus-Videira-um-olhar-a-partir-do-programa-de-orientacao-profissional-\u2013-Carolina-Fiorelli.pdf\" class=\"wp-block-file__button\" download>Baixar<\/a><\/div>\n\n\n\n<hr class=\"wp-block-separator\" \/>\n\n\n\n<p><strong>Resumos Extens\u00e3o- Projetos em Andamento<\/strong><\/p>\n\n\n\n<div class=\"wp-block-file\"><a href=\"https:\/\/videira.ifc.edu.br\/fice\/wp-content\/uploads\/sites\/27\/2020\/11\/Atividades-terapeuticas-no-centro-de-atencao-psicossocial-de-Videira-SC-CAPS-\u2013-Milena-Fatima-Rigo-e-Gilson.pdf\">Atividades-terapeuticas-no-centro-de-atencao-psicossocial-de-Videira-SC-CAPS-\u2013-Milena-Fatima-Rigo-e-Gilson<\/a><a href=\"https:\/\/videira.ifc.edu.br\/fice\/wp-content\/uploads\/sites\/27\/2020\/11\/Atividades-terapeuticas-no-centro-de-atencao-psicossocial-de-Videira-SC-CAPS-\u2013-Milena-Fatima-Rigo-e-Gilson.pdf\" class=\"wp-block-file__button\" download>Baixar<\/a><\/div>\n\n\n\n<div class=\"wp-block-file\"><a href=\"https:\/\/videira.ifc.edu.br\/fice\/wp-content\/uploads\/sites\/27\/2020\/11\/DESENVOLVIMENTO-DE-UM-MINHOCARIO-CAMPEIRO-PARA-PRODUCAO-DE-HUMUS-Marcelo-e-Leticia.pdf\">DESENVOLVIMENTO-DE-UM-MINHOCARIO-CAMPEIRO-PARA-PRODUCAO-DE-HUMUS-Marcelo-e-Leticia<\/a><a href=\"https:\/\/videira.ifc.edu.br\/fice\/wp-content\/uploads\/sites\/27\/2020\/11\/DESENVOLVIMENTO-DE-UM-MINHOCARIO-CAMPEIRO-PARA-PRODUCAO-DE-HUMUS-Marcelo-e-Leticia.pdf\" class=\"wp-block-file__button\" download>Baixar<\/a><\/div>\n\n\n\n<div class=\"wp-block-file\"><a href=\"https:\/\/videira.ifc.edu.br\/fice\/wp-content\/uploads\/sites\/27\/2020\/11\/IFELETRO-CONSULTORIA-E-MANUTENCAO-Marcelo-e-Gustavo.pdf\">IFELETRO-CONSULTORIA-E-MANUTENCAO-Marcelo-e-Gustavo<\/a><a href=\"https:\/\/videira.ifc.edu.br\/fice\/wp-content\/uploads\/sites\/27\/2020\/11\/IFELETRO-CONSULTORIA-E-MANUTENCAO-Marcelo-e-Gustavo.pdf\" class=\"wp-block-file__button\" download>Baixar<\/a><\/div>\n\n\n\n<div class=\"wp-block-file\"><a href=\"https:\/\/videira.ifc.edu.br\/fice\/wp-content\/uploads\/sites\/27\/2020\/11\/Monitoramento-do-feijao.pdf\">Monitoramento-do-feijao<\/a><a href=\"https:\/\/videira.ifc.edu.br\/fice\/wp-content\/uploads\/sites\/27\/2020\/11\/Monitoramento-do-feijao.pdf\" class=\"wp-block-file__button\" download>Baixar<\/a><\/div>\n\n\n\n<div class=\"wp-block-file\"><a href=\"https:\/\/videira.ifc.edu.br\/fice\/wp-content\/uploads\/sites\/27\/2020\/11\/OBI-2020-Leila-e-Dyeizon.pdf\">OBI-2020-Leila-e-Dyeizon<\/a><a href=\"https:\/\/videira.ifc.edu.br\/fice\/wp-content\/uploads\/sites\/27\/2020\/11\/OBI-2020-Leila-e-Dyeizon.pdf\" class=\"wp-block-file__button\" download>Baixar<\/a><\/div>\n\n\n\n<div class=\"wp-block-file\"><a href=\"https:\/\/videira.ifc.edu.br\/fice\/wp-content\/uploads\/sites\/27\/2020\/11\/PIANO-PARA-TODOS-Leila-e-Regiane.pdf\">PIANO-PARA-TODOS-Leila-e-Regiane<\/a><a href=\"https:\/\/videira.ifc.edu.br\/fice\/wp-content\/uploads\/sites\/27\/2020\/11\/PIANO-PARA-TODOS-Leila-e-Regiane.pdf\" class=\"wp-block-file__button\" download>Baixar<\/a><\/div>\n\n\n\n<div class=\"wp-block-file\"><a href=\"https:\/\/videira.ifc.edu.br\/fice\/wp-content\/uploads\/sites\/27\/2020\/11\/PROJETO-CAFE-COM-SEGURANCA-Marcia-e-Gabriel.pdf\">PROJETO-CAFE-COM-SEGURANCA-Marcia-e-Gabriel<\/a><a href=\"https:\/\/videira.ifc.edu.br\/fice\/wp-content\/uploads\/sites\/27\/2020\/11\/PROJETO-CAFE-COM-SEGURANCA-Marcia-e-Gabriel.pdf\" class=\"wp-block-file__button\" download>Baixar<\/a><\/div>\n\n\n\n<div class=\"wp-block-file\"><a href=\"https:\/\/videira.ifc.edu.br\/fice\/wp-content\/uploads\/sites\/27\/2021\/05\/ENSINO-DE-LOGICA-DE-PROGRAMACAO-PARA-ALUNOS-DO-ENSINO-FUNDAMENTAL-II-DE-ESCOLAS-MUNICIPAIS-DE-VIDEIRA-SC-Camilla-Wesle-e-Diego.pdf\">ENSINO-DE-LOGICA-DE-PROGRAMACAO-PARA-ALUNOS-DO-ENSINO-FUNDAMENTAL-II-DE-ESCOLAS-MUNICIPAIS-DE-VIDEIRA-SC-Camilla-Wesle-e-Diego<\/a><a href=\"https:\/\/videira.ifc.edu.br\/fice\/wp-content\/uploads\/sites\/27\/2021\/05\/ENSINO-DE-LOGICA-DE-PROGRAMACAO-PARA-ALUNOS-DO-ENSINO-FUNDAMENTAL-II-DE-ESCOLAS-MUNICIPAIS-DE-VIDEIRA-SC-Camilla-Wesle-e-Diego.pdf\" class=\"wp-block-file__button\" download>Baixar<\/a><\/div>\n\n\n\n<hr class=\"wp-block-separator\" \/>\n\n\n\n<p><strong>PUBLICA\u00c7\u00c3O DE LIVROS<\/strong><\/p>\n\n\n\n<p>Um dos projetos de pesquisa apresentados na 9\u00aa FICE, &#8220;Reencantando Malba Tahan, articula\u00e7\u00f5es entre literatura e matem\u00e1tica&#8221; desenvolvido pelas alunas Francielle Bandt e Clariane Wisniewski e orientado pela servidora Sandra Rostirola, resultou na publica\u00e7\u00e3o de tr\u00eas livros. Os arquivos digitais podem ser visualizados abaixo:<\/p>\n\n\n\n<div class=\"wp-block-file\"><a href=\"https:\/\/videira.ifc.edu.br\/fice\/wp-content\/uploads\/sites\/27\/2020\/11\/Joaquim-e-as-ferias-com-a-probabilidade-na-fazenda-da-avo.pdf\">Joaquim-e-as-ferias-com-a-probabilidade-na-fazenda-da-avo<\/a><a href=\"https:\/\/videira.ifc.edu.br\/fice\/wp-content\/uploads\/sites\/27\/2020\/11\/Joaquim-e-as-ferias-com-a-probabilidade-na-fazenda-da-avo.pdf\" class=\"wp-block-file__button\" download>Baixar<\/a><\/div>\n\n\n\n<div class=\"wp-block-file\"><a href=\"https:\/\/videira.ifc.edu.br\/fice\/wp-content\/uploads\/sites\/27\/2020\/11\/4-gatos-malhados-compactado.pdf\">4 gatos malhados-compactado<\/a><a href=\"https:\/\/videira.ifc.edu.br\/fice\/wp-content\/uploads\/sites\/27\/2020\/11\/4-gatos-malhados-compactado.pdf\" class=\"wp-block-file__button\" download>Baixar<\/a><\/div>\n\n\n\n<div class=\"wp-block-file\"><a href=\"https:\/\/videira.ifc.edu.br\/fice\/wp-content\/uploads\/sites\/27\/2020\/11\/Circulus_circulando-atraves-das-linhas-compactado.pdf\">Circulus_circulando-atraves-das-linhas-compactado<\/a><a href=\"https:\/\/videira.ifc.edu.br\/fice\/wp-content\/uploads\/sites\/27\/2020\/11\/Circulus_circulando-atraves-das-linhas-compactado.pdf\" class=\"wp-block-file__button\" download>Baixar<\/a><\/div>\n","protected":false},"excerpt":{"rendered":"<p>(ISSN \u2013 2317-9716) Abaixo est\u00e3o dispon\u00edveis os projetos apresentados durante a 9\u00aa FICE do IFC Campus Videira, realizada em 21 de Outubro de 2020. Artigos Pesquisa &#8211; Projetos Conclu\u00eddos Artigos Extens\u00e3o &#8211; Projetos Conclu\u00eddos Resumos Pesquisa &#8211; Projetos em Andamento &hellip; <a href=\"https:\/\/videira.ifc.edu.br\/fice\/edicoes-anteriores\/2020-9a-edicao\/anais-do-evento\/\">Continuar lendo <span class=\"meta-nav\">&rarr;<\/span><\/a><\/p>\n","protected":false},"author":26,"featured_media":0,"parent":1192,"menu_order":0,"comment_status":"closed","ping_status":"closed","template":"","meta":{"footnotes":""},"class_list":["post-1144","page","type-page","status-publish","hentry"],"_links":{"self":[{"href":"https:\/\/videira.ifc.edu.br\/fice\/wp-json\/wp\/v2\/pages\/1144","targetHints":{"allow":["GET"]}}],"collection":[{"href":"https:\/\/videira.ifc.edu.br\/fice\/wp-json\/wp\/v2\/pages"}],"about":[{"href":"https:\/\/videira.ifc.edu.br\/fice\/wp-json\/wp\/v2\/types\/page"}],"author":[{"embeddable":true,"href":"https:\/\/videira.ifc.edu.br\/fice\/wp-json\/wp\/v2\/users\/26"}],"replies":[{"embeddable":true,"href":"https:\/\/videira.ifc.edu.br\/fice\/wp-json\/wp\/v2\/comments?post=1144"}],"version-history":[{"count":10,"href":"https:\/\/videira.ifc.edu.br\/fice\/wp-json\/wp\/v2\/pages\/1144\/revisions"}],"predecessor-version":[{"id":1194,"href":"https:\/\/videira.ifc.edu.br\/fice\/wp-json\/wp\/v2\/pages\/1144\/revisions\/1194"}],"up":[{"embeddable":true,"href":"https:\/\/videira.ifc.edu.br\/fice\/wp-json\/wp\/v2\/pages\/1192"}],"wp:attachment":[{"href":"https:\/\/videira.ifc.edu.br\/fice\/wp-json\/wp\/v2\/media?parent=1144"}],"curies":[{"name":"wp","href":"https:\/\/api.w.org\/{rel}","templated":true}]}}