{"id":1232,"date":"2021-10-14T09:12:12","date_gmt":"2021-10-14T12:12:12","guid":{"rendered":"https:\/\/videira.ifc.edu.br\/fice\/?page_id=1232"},"modified":"2022-06-15T08:55:47","modified_gmt":"2022-06-15T11:55:47","slug":"programacao","status":"publish","type":"page","link":"https:\/\/videira.ifc.edu.br\/fice\/edicoes-anteriores\/2021-10a-edicao\/programacao\/","title":{"rendered":"Programa\u00e7\u00e3o"},"content":{"rendered":"\n<p class=\"has-text-align-center\"><strong>PROGRAMA\u00c7\u00c3O 10a FICE<br>IFC CAMPUS VIDEIRA \u2013 21\/10\/2021<\/strong><br><\/p>\n\n\n\n<p>14h \u2013 Abertura<br>\u200b Apresenta\u00e7\u00e3o institucional;<br>\u200b Participa\u00e7\u00e3o dos diretores e coordenadores \u2013 Coordena\u00e7\u00e3o de Pesquisa, Coordena\u00e7\u00e3o de Extens\u00e3o, Dire\u00e7\u00e3o Geral, Diretora do Departamento de Ensino, Pesquisa e Extens\u00e3o;<br>\u200b Momento cultural;<\/p>\n\n\n\n<p><br>14h20 \u2013 Apresenta\u00e7\u00e3o dos coordenadores dos cursos t\u00e9cnicos em Agropecu\u00e1ria e Superior em Agronomia<br>\u200b <\/p>\n\n\n\n<p>Trabalhos de estudantes dos cursos t\u00e9cnicos em Agropecu\u00e1ria e Superior em Agronomia:<br>\u25e6 14h30 &#8211; Horticultura e Jardinagem como aux\u00edlio a atividades terap\u00eauticas no Centro de Aten\u00e7\u00e3o Psicossocial de Videira-SC \u2013 Milena F\u00e1tima Rigo<br>\u25e6 14h40 &#8211; Evolu\u00e7\u00e3o e caracteriza\u00e7\u00e3o dos Sistemas Agr\u00e1rios dos munic\u00edpios da Regi\u00e3o deVideira &#8211; SC &#8211; Marcelo Neis Tragancin<br>\u25e6 14h50 &#8211; An\u00e1lise temporal do uso do Solo e da cobertura florestal no munic\u00edpio de Videira &#8211; SC &#8211; utilizando imagens de sat\u1e55elite Landsat &#8211; Jucilene Serighelli<br>\u25e6 15h &#8211; Os jovens querem assumir as suas propriedades ap\u00f3s a conclus\u00e3o do Ensino Superior? &#8211; Gabrieli Casagrande Menegatt<br><\/p>\n\n\n\n<p>15h10 &#8211; Apresenta\u00e7\u00e3o do coordenador do curso t\u00e9cnico em Inform\u00e1tica e Superior em Ci\u00eancia da Computa\u00e7\u00e3o<br>\u200b <\/p>\n\n\n\n<p>Trabalhos de estudantes do curso t\u00e9cnico em Inform\u00e1tica:<br>\u25e6 15h20 &#8211; Olimp\u00edada Brasileira de Inform\u00e1tica &#8211; OBI 2020 nas escolas do munic\u00edpio de Videira-SC \u2013 Matheus Moraes Piovesan<br>\u25e6 15h30 &#8211; Programa Nacional da Integra\u00e7\u00e3o da educa\u00e7\u00e3o profissional com a Educa\u00e7\u00e3o B\u00e1sica na modalidade de Jovens e Adultos &#8211; PROEJA &#8211; Perfil dos alunos do curso do Instituto Federal Catarinense &#8211; Campus Videira &#8211; Nicolle Maria da Silva Tonholi e Luiz Ricardo Schoffen<br>\u25e6 15h40 &#8211; Algoritmiza\u00e7\u00e3o e Digitaliza\u00e7\u00e3o do trabalho: precariedade e apropria\u00e7\u00e3o da vida Maur\u00edcio Per\u00edn Becker<br>\u25e6 15h50 &#8211; Detec\u00e7\u00e3o de doen\u00e7as por meio de an\u00e1lise de imagens de folhas de plantas utilizando Deep Learning e Transfer Learning &#8211; Tiago Ferrari de Oliveira<br>\u25e6 16h &#8211; Ensino de l\u00f3gica de programa\u00e7\u00e3o para alunos do Ensino Fundamental II de escolas municipais de Videira-SC &#8211; Bruno Henrique Prado Potrikus<br>\u25e6 16h10 &#8211; Olimp\u00edada Brasileira de Inform\u00e1tica &#8211; OBI 2021 nas escolas do munic\u00edpio de Videira &#8211; SC &#8211; Matheus Moraes Piovesan<br>\u25e6 16h20 &#8211; Desenvolvimento de um cliente refer\u00eancia para integra\u00e7\u00e3o de Peps com o Simtec do IFC (Ferramenta para enfrentamento da COVID-19) &#8211; Marlon Valm\u00f3rbida Cendron<br>\u25e6 16h30 &#8211; Programa de Ensino de l\u00f3gica de Programa\u00e7\u00e3o para alunos do Ensino Fundamental II em Escolas P\u00fablicas de Videira &#8211; SC &#8211; Julia Klopffleisch Schaedler<br>\u25e6 16h40 &#8211; Perfil dos participantes do grupo de dan\u00e7a ga\u00facha do Instituto Federal Catarinense &#8211; CTG &#8211; Campus Videira &#8211; Bruno Vinicius Pergher<br><\/p>\n\n\n\n<p><\/p>\n\n\n\n<p>INTERVALO<\/p>\n\n\n\n<p><\/p>\n\n\n\n<p><\/p>\n\n\n\n<p>19h \u2013 Abertura<br>\u200b Apresenta\u00e7\u00e3o institucional<br>\u200b Participa\u00e7\u00e3o dos diretores e coordenadores \u2013 Coordena\u00e7\u00e3o de Pesquisa, Coordena\u00e7\u00e3o de Extens\u00e3o, Dire\u00e7\u00e3o Geral, Diretora do Departamento de Ensino, Pesquisa e Extens\u00e3o;<br>\u200b Momento cultural;<\/p>\n\n\n\n<p><br>19h20 &#8211; Apresenta\u00e7\u00e3o dos coordenadores dos cursos Superiores em Educa\u00e7\u00e3o (gradua\u00e7\u00e3o e p\u00f3s-gradua\u00e7\u00e3o)<br>\u200b <\/p>\n\n\n\n<p>Trabalhos de estudantes dos cursos superiores em Educa\u00e7\u00e3o:<br>\u25e6 19h30 &#8211; O pedagogo na Gest\u00e3o Escolar: Reflexos da forma\u00e7\u00e3o inicial na atua\u00e7\u00e3o como gestor &#8211; Jani\u00e9li dos Anjos Borges<br>\u25e6 19h40 &#8211; O lugar de crian\u00e7as da Educa\u00e7\u00e3o Infantil em munic\u00edpios de baixo IDH da regi\u00e3o do contestado: an\u00e1lise do Censo Escolar &#8211; Amanda Gheller Pereira<br>\u25e6 19h50 &#8211; Piano para todos \u2013 Regiane Marques Lopes da Rosa<br>\u25e6 20h &#8211; Demandas formativas dos professores alfabetizadores da rede municipal de Videira &#8211; L\u00facia Aparecida Fran\u00e7a<br><\/p>\n\n\n\n<p>20h10 &#8211; Apresenta\u00e7\u00e3o dos coordenadores dos cursos t\u00e9cnicos em Eletr\u00f4nica e Eletrot\u00e9cnica, superior em Engenharia El\u00e9trica e Ensino M\u00e9dio Integrado em Eletroeletr\u00f4nica<br><\/p>\n\n\n\n<p>Trabalhos de estudantes dos cursos t\u00e9cnicos em Eletr\u00f4nica e Eletrot\u00e9cnica, superior em Engenharia El\u00e9trica e Ensino M\u00e9dio Integrado em Eletroeletr\u00f4nica:<br>\u25e6 20h20 &#8211; Laborat\u00f3rio de Demonstra\u00e7\u00e3o, Desenvolvimento e Experimenta\u00e7\u00e3o de F\u00edsica (LABDEEF) &#8211; Ana Fl\u00e1via da Silva Mineiro<br><\/p>\n\n\n\n<p>20h30 &#8211; Apresenta\u00e7\u00e3o do coordenador do curso t\u00e9cnico em Seguran\u00e7a do Trabalho<br><\/p>\n\n\n\n<p>Trabalho de estudante do curso t\u00e9cnico em Seguran\u00e7a do Trabalho:<br>\u25e6 20h40 \u2013 Papo de Ci\u00eancia: Juventude e Trabalho no Brasil contempor\u00e2neo &#8211; Paloma Cristine Nunes Folgiarini<br><\/p>\n\n\n\n<p>20h50 &#8211; Apresenta\u00e7\u00e3o do coordenador do curso PROEJA<br><\/p>\n\n\n\n<p>21h &#8211; Encerramento<\/p>\n","protected":false},"excerpt":{"rendered":"<p>PROGRAMA\u00c7\u00c3O 10a FICEIFC CAMPUS VIDEIRA \u2013 21\/10\/2021 14h \u2013 Abertura\u200b Apresenta\u00e7\u00e3o institucional;\u200b Participa\u00e7\u00e3o dos diretores e coordenadores \u2013 Coordena\u00e7\u00e3o de Pesquisa, Coordena\u00e7\u00e3o de Extens\u00e3o, Dire\u00e7\u00e3o Geral, Diretora do Departamento de Ensino, Pesquisa e Extens\u00e3o;\u200b Momento cultural; 14h20 \u2013 Apresenta\u00e7\u00e3o dos &hellip; <a href=\"https:\/\/videira.ifc.edu.br\/fice\/edicoes-anteriores\/2021-10a-edicao\/programacao\/\">Continuar lendo <span class=\"meta-nav\">&rarr;<\/span><\/a><\/p>\n","protected":false},"author":26,"featured_media":0,"parent":1260,"menu_order":0,"comment_status":"closed","ping_status":"closed","template":"","meta":{"footnotes":""},"class_list":["post-1232","page","type-page","status-publish","hentry"],"_links":{"self":[{"href":"https:\/\/videira.ifc.edu.br\/fice\/wp-json\/wp\/v2\/pages\/1232","targetHints":{"allow":["GET"]}}],"collection":[{"href":"https:\/\/videira.ifc.edu.br\/fice\/wp-json\/wp\/v2\/pages"}],"about":[{"href":"https:\/\/videira.ifc.edu.br\/fice\/wp-json\/wp\/v2\/types\/page"}],"author":[{"embeddable":true,"href":"https:\/\/videira.ifc.edu.br\/fice\/wp-json\/wp\/v2\/users\/26"}],"replies":[{"embeddable":true,"href":"https:\/\/videira.ifc.edu.br\/fice\/wp-json\/wp\/v2\/comments?post=1232"}],"version-history":[{"count":2,"href":"https:\/\/videira.ifc.edu.br\/fice\/wp-json\/wp\/v2\/pages\/1232\/revisions"}],"predecessor-version":[{"id":1234,"href":"https:\/\/videira.ifc.edu.br\/fice\/wp-json\/wp\/v2\/pages\/1232\/revisions\/1234"}],"up":[{"embeddable":true,"href":"https:\/\/videira.ifc.edu.br\/fice\/wp-json\/wp\/v2\/pages\/1260"}],"wp:attachment":[{"href":"https:\/\/videira.ifc.edu.br\/fice\/wp-json\/wp\/v2\/media?parent=1232"}],"curies":[{"name":"wp","href":"https:\/\/api.w.org\/{rel}","templated":true}]}}