{"id":1235,"date":"2021-11-04T09:17:51","date_gmt":"2021-11-04T12:17:51","guid":{"rendered":"https:\/\/videira.ifc.edu.br\/fice\/?page_id=1235"},"modified":"2022-06-15T08:27:06","modified_gmt":"2022-06-15T11:27:06","slug":"anais-do-evento","status":"publish","type":"page","link":"https:\/\/videira.ifc.edu.br\/fice\/edicoes-anteriores\/2021-10a-edicao\/anais-do-evento\/","title":{"rendered":"Anais do Evento"},"content":{"rendered":"\n<p>(ISSN \u2013 2317-9716)<\/p>\n\n\n\n<p>Abaixo est\u00e3o dispon\u00edveis os projetos apresentados durante a 10\u00aa FICE do IFC Campus Videira, realizada em 21 de Outubro de 2021.<\/p>\n\n\n\n<p><\/p>\n\n\n\n<p><strong>PESQUISA CONCLU\u00cdDO<\/strong><\/p>\n\n\n\n<div class=\"wp-block-file\"><a href=\"https:\/\/videira.ifc.edu.br\/fice\/wp-content\/uploads\/sites\/27\/2021\/11\/1-PERFIL-DOS-PARTICIPANTES-DO-GRUPO-DE-DANCA-GAUCHA-DO-INSTITUTO0D0AFEDERAL-CATARINENSE-\u2013-CTG-CAMPUS-VIDEIRA.pdf\">1-PERFIL-DOS-PARTICIPANTES-DO-GRUPO-DE-DANCA-GAUCHA-DO-INSTITUTO0D0AFEDERAL-CATARINENSE-\u2013-CTG-CAMPUS-VIDEIRA<\/a><a href=\"https:\/\/videira.ifc.edu.br\/fice\/wp-content\/uploads\/sites\/27\/2021\/11\/1-PERFIL-DOS-PARTICIPANTES-DO-GRUPO-DE-DANCA-GAUCHA-DO-INSTITUTO0D0AFEDERAL-CATARINENSE-\u2013-CTG-CAMPUS-VIDEIRA.pdf\" class=\"wp-block-file__button\" download>Baixar<\/a><\/div>\n\n\n\n<div class=\"wp-block-file\"><a href=\"https:\/\/videira.ifc.edu.br\/fice\/wp-content\/uploads\/sites\/27\/2021\/11\/2-EVOLUCAO-E-CARACTERIZACAO-DOS-SISTEMAS.pdf\">2-EVOLUCAO-E-CARACTERIZACAO-DOS-SISTEMAS<\/a><a href=\"https:\/\/videira.ifc.edu.br\/fice\/wp-content\/uploads\/sites\/27\/2021\/11\/2-EVOLUCAO-E-CARACTERIZACAO-DOS-SISTEMAS.pdf\" class=\"wp-block-file__button\" download>Baixar<\/a><\/div>\n\n\n\n<div class=\"wp-block-file\"><a href=\"https:\/\/videira.ifc.edu.br\/fice\/wp-content\/uploads\/sites\/27\/2021\/11\/3-ANALISE-TEMPORAL-DO-USO-DO-SOLO-E-DA-COBERTURA-FLORESTAL-NO0D0AMUNICIPIO-DE-VIDEIRA-\u2013-SC-UTILIZANDO-IMAGENS-DE-SATELITE-LANDSAT.pdf\">3-ANALISE-TEMPORAL-DO-USO-DO-SOLO-E-DA-COBERTURA-FLORESTAL-NO0D0AMUNICIPIO-DE-VIDEIRA-\u2013-SC-UTILIZANDO-IMAGENS-DE-SATELITE-LANDSAT<\/a><a href=\"https:\/\/videira.ifc.edu.br\/fice\/wp-content\/uploads\/sites\/27\/2021\/11\/3-ANALISE-TEMPORAL-DO-USO-DO-SOLO-E-DA-COBERTURA-FLORESTAL-NO0D0AMUNICIPIO-DE-VIDEIRA-\u2013-SC-UTILIZANDO-IMAGENS-DE-SATELITE-LANDSAT.pdf\" class=\"wp-block-file__button\" download>Baixar<\/a><\/div>\n\n\n\n<p>&#8212;&#8212;&#8212;&#8212;&#8212;&#8212;&#8212;&#8212;&#8212;&#8212;&#8212;&#8212;&#8212;&#8212;&#8212;-<\/p>\n\n\n\n<p><strong>EXTENS\u00c3O CONCLU\u00cdDO<\/strong><\/p>\n\n\n\n<div class=\"wp-block-file\"><a href=\"https:\/\/videira.ifc.edu.br\/fice\/wp-content\/uploads\/sites\/27\/2021\/11\/1.-OBI-2020-nas-escolas-do-municipio-de-Videira-SC.pdf\">1.-OBI-2020-nas-escolas-do-municipio-de-Videira-SC<\/a><a href=\"https:\/\/videira.ifc.edu.br\/fice\/wp-content\/uploads\/sites\/27\/2021\/11\/1.-OBI-2020-nas-escolas-do-municipio-de-Videira-SC.pdf\" class=\"wp-block-file__button\" download>Baixar<\/a><\/div>\n\n\n\n<div class=\"wp-block-file\"><a href=\"https:\/\/videira.ifc.edu.br\/fice\/wp-content\/uploads\/sites\/27\/2021\/11\/2.-Piano-para-Todos.pdf\">2.-Piano-para-Todos<\/a><a href=\"https:\/\/videira.ifc.edu.br\/fice\/wp-content\/uploads\/sites\/27\/2021\/11\/2.-Piano-para-Todos.pdf\" class=\"wp-block-file__button\" download>Baixar<\/a><\/div>\n\n\n\n<p>&#8212;&#8212;&#8212;&#8212;&#8212;&#8212;&#8212;&#8212;&#8212;&#8212;&#8212;&#8212;&#8212;&#8212;&#8212;-<\/p>\n\n\n\n<p><strong>PESQUISA EM ANDAMENTO<\/strong><\/p>\n\n\n\n<div class=\"wp-block-file\"><a href=\"https:\/\/videira.ifc.edu.br\/fice\/wp-content\/uploads\/sites\/27\/2021\/11\/1-PAPO-DE-CIENCIA-JUVENTUDE-E-TRABALHO-NO-BRASIL0D0ACONTEMPORANEO.pdf\">1-PAPO-DE-CIENCIA-JUVENTUDE-E-TRABALHO-NO-BRASIL0D0ACONTEMPORANEO<\/a><a href=\"https:\/\/videira.ifc.edu.br\/fice\/wp-content\/uploads\/sites\/27\/2021\/11\/1-PAPO-DE-CIENCIA-JUVENTUDE-E-TRABALHO-NO-BRASIL0D0ACONTEMPORANEO.pdf\" class=\"wp-block-file__button\" download>Baixar<\/a><\/div>\n\n\n\n<div class=\"wp-block-file\"><a href=\"https:\/\/videira.ifc.edu.br\/fice\/wp-content\/uploads\/sites\/27\/2021\/11\/2-PROGRAMA-NACIONAL-DA-INTEGRACAO-DA-EDUCACAO-PROFISSIONAL0D0ACOM-A-EDUCACAO-BASICA-NA-MODALIDADE-DE-JOVENS-E-ADULTOS-\u20130D0APROEJA-\u2013-PERFIL-DOS-ALUNOS-DO-CURSO-DO-IFC-\u2013-CAMPUS-VIDEIRA.pdf\">2-PROGRAMA-NACIONAL-DA-INTEGRACAO-DA-EDUCACAO-PROFISSIONAL0D0ACOM-A-EDUCACAO-BASICA-NA-MODALIDADE-DE-JOVENS-E-ADULTOS-\u20130D0APROEJA-\u2013-PERFIL-DOS-ALUNOS-DO-CURSO-DO-IFC-\u2013-CAMPUS-VIDEIRA<\/a><a href=\"https:\/\/videira.ifc.edu.br\/fice\/wp-content\/uploads\/sites\/27\/2021\/11\/2-PROGRAMA-NACIONAL-DA-INTEGRACAO-DA-EDUCACAO-PROFISSIONAL0D0ACOM-A-EDUCACAO-BASICA-NA-MODALIDADE-DE-JOVENS-E-ADULTOS-\u20130D0APROEJA-\u2013-PERFIL-DOS-ALUNOS-DO-CURSO-DO-IFC-\u2013-CAMPUS-VIDEIRA.pdf\" class=\"wp-block-file__button\" download>Baixar<\/a><\/div>\n\n\n\n<div class=\"wp-block-file\"><a href=\"https:\/\/videira.ifc.edu.br\/fice\/wp-content\/uploads\/sites\/27\/2021\/11\/3-ALGORITMIZACAO-E-DIGITALIZACAO.pdf\">3-ALGORITMIZACAO-E-DIGITALIZACAO<\/a><a href=\"https:\/\/videira.ifc.edu.br\/fice\/wp-content\/uploads\/sites\/27\/2021\/11\/3-ALGORITMIZACAO-E-DIGITALIZACAO.pdf\" class=\"wp-block-file__button\" download>Baixar<\/a><\/div>\n\n\n\n<div class=\"wp-block-file\"><a href=\"https:\/\/videira.ifc.edu.br\/fice\/wp-content\/uploads\/sites\/27\/2021\/11\/4-OS-JOVENS-QUEREM-ASSUMIR-AS-SUAS-PROPRIEDADES.pdf\">4-OS-JOVENS-QUEREM-ASSUMIR-AS-SUAS-PROPRIEDADES<\/a><a href=\"https:\/\/videira.ifc.edu.br\/fice\/wp-content\/uploads\/sites\/27\/2021\/11\/4-OS-JOVENS-QUEREM-ASSUMIR-AS-SUAS-PROPRIEDADES.pdf\" class=\"wp-block-file__button\" download>Baixar<\/a><\/div>\n\n\n\n<div class=\"wp-block-file\"><a href=\"https:\/\/videira.ifc.edu.br\/fice\/wp-content\/uploads\/sites\/27\/2021\/11\/5-DETECCAO-DE-DOENCAS-POR-MEIO-DA.pdf\">5-DETECCAO-DE-DOENCAS-POR-MEIO-DA<\/a><a href=\"https:\/\/videira.ifc.edu.br\/fice\/wp-content\/uploads\/sites\/27\/2021\/11\/5-DETECCAO-DE-DOENCAS-POR-MEIO-DA.pdf\" class=\"wp-block-file__button\" download>Baixar<\/a><\/div>\n\n\n\n<div class=\"wp-block-file\"><a href=\"https:\/\/videira.ifc.edu.br\/fice\/wp-content\/uploads\/sites\/27\/2021\/11\/6-DEMANDAS-FORMATIVAS-DOS.pdf\">6-DEMANDAS-FORMATIVAS-DOS<\/a><a href=\"https:\/\/videira.ifc.edu.br\/fice\/wp-content\/uploads\/sites\/27\/2021\/11\/6-DEMANDAS-FORMATIVAS-DOS.pdf\" class=\"wp-block-file__button\" download>Baixar<\/a><\/div>\n\n\n\n<div class=\"wp-block-file\"><a href=\"https:\/\/videira.ifc.edu.br\/fice\/wp-content\/uploads\/sites\/27\/2021\/11\/7-O-LUGAR-DE-CRIANCAS-DA-EDUCACAO-INFANTIL-EM-MUNICIPIOS-DE-BAIXO0D0AIDH-DA-REGIAO-DO-CONTESTADO-ANALISE-DO-CENSO-ESCOLAR..pdf\">7-O-LUGAR-DE-CRIANCAS-DA-EDUCACAO-INFANTIL-EM-MUNICIPIOS-DE-BAIXO0D0AIDH-DA-REGIAO-DO-CONTESTADO-ANALISE-DO-CENSO-ESCOLAR.<\/a><a href=\"https:\/\/videira.ifc.edu.br\/fice\/wp-content\/uploads\/sites\/27\/2021\/11\/7-O-LUGAR-DE-CRIANCAS-DA-EDUCACAO-INFANTIL-EM-MUNICIPIOS-DE-BAIXO0D0AIDH-DA-REGIAO-DO-CONTESTADO-ANALISE-DO-CENSO-ESCOLAR..pdf\" class=\"wp-block-file__button\" download>Baixar<\/a><\/div>\n\n\n\n<div class=\"wp-block-file\"><a href=\"https:\/\/videira.ifc.edu.br\/fice\/wp-content\/uploads\/sites\/27\/2021\/11\/8-Pedagogo_Gestao_Escolar.pdf\">8-Pedagogo_Gestao_Escolar<\/a><a href=\"https:\/\/videira.ifc.edu.br\/fice\/wp-content\/uploads\/sites\/27\/2021\/11\/8-Pedagogo_Gestao_Escolar.pdf\" class=\"wp-block-file__button\" download>Baixar<\/a><\/div>\n\n\n\n<p>&#8212;&#8212;&#8212;&#8212;&#8212;&#8212;&#8212;&#8212;&#8212;&#8212;&#8212;&#8212;&#8212;&#8212;&#8212;-<\/p>\n\n\n\n<p><strong>EXTENS\u00c3O EM ANDAMENTO<\/strong><\/p>\n\n\n\n<div class=\"wp-block-file\"><a href=\"https:\/\/videira.ifc.edu.br\/fice\/wp-content\/uploads\/sites\/27\/2021\/11\/1-Ensino-de-Logica-e-Programacao.pdf\">1-Ensino-de-Logica-e-Programacao<\/a><a href=\"https:\/\/videira.ifc.edu.br\/fice\/wp-content\/uploads\/sites\/27\/2021\/11\/1-Ensino-de-Logica-e-Programacao.pdf\" class=\"wp-block-file__button\" download>Baixar<\/a><\/div>\n\n\n\n<div class=\"wp-block-file\"><a href=\"https:\/\/videira.ifc.edu.br\/fice\/wp-content\/uploads\/sites\/27\/2021\/11\/2-Programa-de-Ensino-de-Logica.pdf\">2-Programa-de-Ensino-de-Logica<\/a><a href=\"https:\/\/videira.ifc.edu.br\/fice\/wp-content\/uploads\/sites\/27\/2021\/11\/2-Programa-de-Ensino-de-Logica.pdf\" class=\"wp-block-file__button\" download>Baixar<\/a><\/div>\n\n\n\n<div class=\"wp-block-file\"><a href=\"https:\/\/videira.ifc.edu.br\/fice\/wp-content\/uploads\/sites\/27\/2021\/11\/3-OBI-2021-nas-escolas-do-municipio-de-Videira-SC.pdf\">3-OBI-2021-nas-escolas-do-municipio-de-Videira-SC<\/a><a href=\"https:\/\/videira.ifc.edu.br\/fice\/wp-content\/uploads\/sites\/27\/2021\/11\/3-OBI-2021-nas-escolas-do-municipio-de-Videira-SC.pdf\" class=\"wp-block-file__button\" download>Baixar<\/a><\/div>\n\n\n\n<div class=\"wp-block-file\"><a href=\"https:\/\/videira.ifc.edu.br\/fice\/wp-content\/uploads\/sites\/27\/2021\/11\/4-HORTICULTURA-E-JARDINAGEM.pdf\">4-HORTICULTURA-E-JARDINAGEM<\/a><a href=\"https:\/\/videira.ifc.edu.br\/fice\/wp-content\/uploads\/sites\/27\/2021\/11\/4-HORTICULTURA-E-JARDINAGEM.pdf\" class=\"wp-block-file__button\" download>Baixar<\/a><\/div>\n\n\n\n<div class=\"wp-block-file\"><a href=\"https:\/\/videira.ifc.edu.br\/fice\/wp-content\/uploads\/sites\/27\/2021\/11\/5-DESENVOLVIMENTO-DE-UM-CLIENTE.pdf\">5-DESENVOLVIMENTO-DE-UM-CLIENTE<\/a><a href=\"https:\/\/videira.ifc.edu.br\/fice\/wp-content\/uploads\/sites\/27\/2021\/11\/5-DESENVOLVIMENTO-DE-UM-CLIENTE.pdf\" class=\"wp-block-file__button\" download>Baixar<\/a><\/div>\n\n\n\n<div class=\"wp-block-file\"><a href=\"https:\/\/videira.ifc.edu.br\/fice\/wp-content\/uploads\/sites\/27\/2021\/11\/6-LABORATORIO-DE-DEMONSTRACAO.pdf\">6-LABORATORIO-DE-DEMONSTRACAO<\/a><a href=\"https:\/\/videira.ifc.edu.br\/fice\/wp-content\/uploads\/sites\/27\/2021\/11\/6-LABORATORIO-DE-DEMONSTRACAO.pdf\" class=\"wp-block-file__button\" download>Baixar<\/a><\/div>\n","protected":false},"excerpt":{"rendered":"<p>(ISSN \u2013 2317-9716) Abaixo est\u00e3o dispon\u00edveis os projetos apresentados durante a 10\u00aa FICE do IFC Campus Videira, realizada em 21 de Outubro de 2021. PESQUISA CONCLU\u00cdDO &#8212;&#8212;&#8212;&#8212;&#8212;&#8212;&#8212;&#8212;&#8212;&#8212;&#8212;&#8212;&#8212;&#8212;&#8212;- EXTENS\u00c3O CONCLU\u00cdDO &#8212;&#8212;&#8212;&#8212;&#8212;&#8212;&#8212;&#8212;&#8212;&#8212;&#8212;&#8212;&#8212;&#8212;&#8212;- PESQUISA EM ANDAMENTO &#8212;&#8212;&#8212;&#8212;&#8212;&#8212;&#8212;&#8212;&#8212;&#8212;&#8212;&#8212;&#8212;&#8212;&#8212;- EXTENS\u00c3O EM ANDAMENTO<\/p>\n","protected":false},"author":26,"featured_media":0,"parent":1260,"menu_order":0,"comment_status":"closed","ping_status":"closed","template":"","meta":{"footnotes":""},"class_list":["post-1235","page","type-page","status-publish","hentry"],"_links":{"self":[{"href":"https:\/\/videira.ifc.edu.br\/fice\/wp-json\/wp\/v2\/pages\/1235","targetHints":{"allow":["GET"]}}],"collection":[{"href":"https:\/\/videira.ifc.edu.br\/fice\/wp-json\/wp\/v2\/pages"}],"about":[{"href":"https:\/\/videira.ifc.edu.br\/fice\/wp-json\/wp\/v2\/types\/page"}],"author":[{"embeddable":true,"href":"https:\/\/videira.ifc.edu.br\/fice\/wp-json\/wp\/v2\/users\/26"}],"replies":[{"embeddable":true,"href":"https:\/\/videira.ifc.edu.br\/fice\/wp-json\/wp\/v2\/comments?post=1235"}],"version-history":[{"count":4,"href":"https:\/\/videira.ifc.edu.br\/fice\/wp-json\/wp\/v2\/pages\/1235\/revisions"}],"predecessor-version":[{"id":1259,"href":"https:\/\/videira.ifc.edu.br\/fice\/wp-json\/wp\/v2\/pages\/1235\/revisions\/1259"}],"up":[{"embeddable":true,"href":"https:\/\/videira.ifc.edu.br\/fice\/wp-json\/wp\/v2\/pages\/1260"}],"wp:attachment":[{"href":"https:\/\/videira.ifc.edu.br\/fice\/wp-json\/wp\/v2\/media?parent=1235"}],"curies":[{"name":"wp","href":"https:\/\/api.w.org\/{rel}","templated":true}]}}