{"id":1330,"date":"2023-06-22T09:43:50","date_gmt":"2023-06-22T12:43:50","guid":{"rendered":"https:\/\/videira.ifc.edu.br\/fice\/?page_id=1330"},"modified":"2024-06-14T15:49:31","modified_gmt":"2024-06-14T18:49:31","slug":"programacao","status":"publish","type":"page","link":"https:\/\/videira.ifc.edu.br\/fice\/edicoes-anteriores\/2023-12a-edicao\/programacao\/","title":{"rendered":"Programa\u00e7\u00e3o"},"content":{"rendered":"\n<p><\/p>\n\n\n\n<p class=\"has-text-align-center\"><strong>PROGRAMA\u00c7\u00c3O<\/strong><\/p>\n\n\n\n<p class=\"has-text-align-center\"><strong>IFCULTURA VIDEIRA<\/strong><\/p>\n\n\n\n<p class=\"has-text-align-center\"><strong>24\/08\/2023 &#8211; QUINTA-FEIRA<\/strong><\/p>\n\n\n\n<p><strong>17h30<\/strong> &#8211; Izabel Bertha (M\u00fasica &#8211; 8min)<\/p>\n\n\n\n<p><strong>17h40<\/strong> &#8211; Jambock (M\u00fasica &#8211; 15min)<\/p>\n\n\n\n<p><strong>18h<\/strong> &#8211; CTG HERDEIROS DO PAGO (Dan\u00e7a &#8211; 12min)<\/p>\n\n\n\n<p><strong>18h15<\/strong> &#8211; Principia (M\u00fasica &#8211; 6min)<\/p>\n\n\n\n<p><strong>18h20<\/strong> &#8211; Eletrozados (M\u00fasica &#8211; 5min)<\/p>\n\n\n\n<p><strong>18h30<\/strong> &#8211; Banda Gradua\u00e7\u00e3o IFC (M\u00fasica &#8211; 15min)<\/p>\n\n\n\n<p><\/p>\n\n\n\n<p>==================================================================================<\/p>\n\n\n\n<p class=\"has-text-align-center\"><strong>PROGRAMA\u00c7\u00c3O &#8211; 12\u00aa FICE<\/strong><\/p>\n\n\n\n<p>a) Per\u00edodo de Submiss\u00e3o dos trabalhos (inscri\u00e7\u00e3o pela internet): de 10 de Julho a 31 de Julho;<\/p>\n\n\n\n<p>b) Divulga\u00e7\u00e3o dos resumos selecionados: at\u00e9 02 de Agosto;<\/p>\n\n\n\n<p>c) Entrega final dos trabalhos (resumo ou artigo completo e banner para Coordena\u00e7\u00e3o de Pesquisa e\/ou Extens\u00e3o): at\u00e9 07 de Agosto;<\/p>\n\n\n\n<p>d) Montagem dos estandes no local do evento: <\/p>\n\n\n\n<p>-23\/08, das 8h \u00e0s 11h e das 13h30min \u00e0s 17h;  <\/p>\n\n\n\n<p>-24\/08, das 8h \u00e0s 11h;<\/p>\n\n\n\n<p>e) Palestra de abertura: 24\/08, \u00e0s 13h30, no Audit\u00f3rio.<\/p>\n\n\n\n<p>f) Exposi\u00e7\u00e3o ao p\u00fablico:<\/p>\n\n\n\n<p>\u2013 24\/08 (quinta-feira): das 14h30 \u00e0s 17h30 e das 18h30 \u00e0s 22h.<\/p>\n\n\n\n<p>\u2013 25\/08 (sexta-feira): das 8h \u00e0s 11h45.<\/p>\n\n\n\n<p>g) Encerramento e premia\u00e7\u00e3o: 25\/08, \u00e0s 13h15, no Audit\u00f3rio.<\/p>\n\n\n\n<p>h) Desmontagem dos estandes: 25\/08, ap\u00f3s o encerramento.<\/p>\n","protected":false},"excerpt":{"rendered":"<p>PROGRAMA\u00c7\u00c3O IFCULTURA VIDEIRA 24\/08\/2023 &#8211; QUINTA-FEIRA 17h30 &#8211; Izabel Bertha (M\u00fasica &#8211; 8min) 17h40 &#8211; Jambock (M\u00fasica &#8211; 15min) 18h &#8211; CTG HERDEIROS DO PAGO (Dan\u00e7a &#8211; 12min) 18h15 &#8211; Principia (M\u00fasica &#8211; 6min) 18h20 &#8211; Eletrozados (M\u00fasica &#8211; 5min) &hellip; <a href=\"https:\/\/videira.ifc.edu.br\/fice\/edicoes-anteriores\/2023-12a-edicao\/programacao\/\">Continuar lendo <span class=\"meta-nav\">&rarr;<\/span><\/a><\/p>\n","protected":false},"author":26,"featured_media":0,"parent":1390,"menu_order":0,"comment_status":"closed","ping_status":"closed","template":"","meta":{"footnotes":""},"class_list":["post-1330","page","type-page","status-publish","hentry"],"_links":{"self":[{"href":"https:\/\/videira.ifc.edu.br\/fice\/wp-json\/wp\/v2\/pages\/1330","targetHints":{"allow":["GET"]}}],"collection":[{"href":"https:\/\/videira.ifc.edu.br\/fice\/wp-json\/wp\/v2\/pages"}],"about":[{"href":"https:\/\/videira.ifc.edu.br\/fice\/wp-json\/wp\/v2\/types\/page"}],"author":[{"embeddable":true,"href":"https:\/\/videira.ifc.edu.br\/fice\/wp-json\/wp\/v2\/users\/26"}],"replies":[{"embeddable":true,"href":"https:\/\/videira.ifc.edu.br\/fice\/wp-json\/wp\/v2\/comments?post=1330"}],"version-history":[{"count":4,"href":"https:\/\/videira.ifc.edu.br\/fice\/wp-json\/wp\/v2\/pages\/1330\/revisions"}],"predecessor-version":[{"id":1354,"href":"https:\/\/videira.ifc.edu.br\/fice\/wp-json\/wp\/v2\/pages\/1330\/revisions\/1354"}],"up":[{"embeddable":true,"href":"https:\/\/videira.ifc.edu.br\/fice\/wp-json\/wp\/v2\/pages\/1390"}],"wp:attachment":[{"href":"https:\/\/videira.ifc.edu.br\/fice\/wp-json\/wp\/v2\/media?parent=1330"}],"curies":[{"name":"wp","href":"https:\/\/api.w.org\/{rel}","templated":true}]}}