{"id":1412,"date":"2024-08-01T11:12:39","date_gmt":"2024-08-01T14:12:39","guid":{"rendered":"https:\/\/videira.ifc.edu.br\/fice\/?page_id=1412"},"modified":"2025-05-27T14:44:05","modified_gmt":"2025-05-27T17:44:05","slug":"inscricoes-homologadas","status":"publish","type":"page","link":"https:\/\/videira.ifc.edu.br\/fice\/edicoes-anteriores\/2024-13a-edicao\/inscricoes-homologadas\/","title":{"rendered":"Inscri\u00e7\u00f5es Homologadas"},"content":{"rendered":"\n<p>Segue abaixo a rela\u00e7\u00e3o dos projetos inscritos e homologados para apresenta\u00e7\u00e3o na 13\u00aa Feira de Inicia\u00e7\u00e3o Cient\u00edfica e Extens\u00e3o do IFC &#8211; Campus Videira.<\/p>\n\n\n\n<div data-wp-interactive=\"core\/file\" class=\"wp-block-file\"><object data-wp-bind--hidden=\"!state.hasPdfPreview\" hidden class=\"wp-block-file__embed\" data=\"https:\/\/videira.ifc.edu.br\/fice\/wp-content\/uploads\/sites\/27\/2024\/08\/Projetos-Homologados-13a-FICE.pdf\" type=\"application\/pdf\" style=\"width:100%;height:600px\" aria-label=\"Incorporado de Projetos-Homologados-13a-FICE.\"><\/object><a id=\"wp-block-file--media-8314d1d0-991c-4b2a-8fc9-7eac2740ccb8\" href=\"https:\/\/videira.ifc.edu.br\/fice\/wp-content\/uploads\/sites\/27\/2024\/08\/Projetos-Homologados-13a-FICE.pdf\">Projetos-Homologados-13a-FICE<\/a><a href=\"https:\/\/videira.ifc.edu.br\/fice\/wp-content\/uploads\/sites\/27\/2024\/08\/Projetos-Homologados-13a-FICE.pdf\" class=\"wp-block-file__button wp-element-button\" download aria-describedby=\"wp-block-file--media-8314d1d0-991c-4b2a-8fc9-7eac2740ccb8\">Baixar<\/a><\/div>\n","protected":false},"excerpt":{"rendered":"<p>Segue abaixo a rela\u00e7\u00e3o dos projetos inscritos e homologados para apresenta\u00e7\u00e3o na 13\u00aa Feira de Inicia\u00e7\u00e3o Cient\u00edfica e Extens\u00e3o do IFC &#8211; Campus Videira.<\/p>\n","protected":false},"author":26,"featured_media":0,"parent":1475,"menu_order":0,"comment_status":"closed","ping_status":"closed","template":"","meta":{"footnotes":""},"class_list":["post-1412","page","type-page","status-publish","hentry"],"_links":{"self":[{"href":"https:\/\/videira.ifc.edu.br\/fice\/wp-json\/wp\/v2\/pages\/1412","targetHints":{"allow":["GET"]}}],"collection":[{"href":"https:\/\/videira.ifc.edu.br\/fice\/wp-json\/wp\/v2\/pages"}],"about":[{"href":"https:\/\/videira.ifc.edu.br\/fice\/wp-json\/wp\/v2\/types\/page"}],"author":[{"embeddable":true,"href":"https:\/\/videira.ifc.edu.br\/fice\/wp-json\/wp\/v2\/users\/26"}],"replies":[{"embeddable":true,"href":"https:\/\/videira.ifc.edu.br\/fice\/wp-json\/wp\/v2\/comments?post=1412"}],"version-history":[{"count":4,"href":"https:\/\/videira.ifc.edu.br\/fice\/wp-json\/wp\/v2\/pages\/1412\/revisions"}],"predecessor-version":[{"id":1420,"href":"https:\/\/videira.ifc.edu.br\/fice\/wp-json\/wp\/v2\/pages\/1412\/revisions\/1420"}],"up":[{"embeddable":true,"href":"https:\/\/videira.ifc.edu.br\/fice\/wp-json\/wp\/v2\/pages\/1475"}],"wp:attachment":[{"href":"https:\/\/videira.ifc.edu.br\/fice\/wp-json\/wp\/v2\/media?parent=1412"}],"curies":[{"name":"wp","href":"https:\/\/api.w.org\/{rel}","templated":true}]}}