{"id":673,"date":"2016-09-19T20:29:00","date_gmt":"2016-09-19T23:29:00","guid":{"rendered":"http:\/\/videira.ifc.edu.br\/fice\/?page_id=673"},"modified":"2017-05-29T20:54:41","modified_gmt":"2017-05-29T23:54:41","slug":"anais-do-evento","status":"publish","type":"page","link":"https:\/\/videira.ifc.edu.br\/fice\/edicoes-anteriores\/2016-5a-edicao\/anais-do-evento\/","title":{"rendered":"Anais do Evento"},"content":{"rendered":"<p>Confira abaixo todos os Projetos apresentados na V FICE \u2013 Feira de Inicia\u00e7\u00e3o Cient\u00edfica e Extens\u00e3o do IFC Campus Videira.<\/p>\n<p>ISSN: 2317-9716<\/p>\n<p><strong>ARTIGOS EXTENS\u00c3O \u2013 CONCLU\u00cdDOS<\/strong><\/p>\n<p><a href=\"https:\/\/videira.ifc.edu.br\/fice\/wp-content\/uploads\/sites\/27\/2016\/09\/1-A\u00e7\u00f5es-de-divulga\u00e7\u00e3o-cient\u00edfica.pdf\" rel=\"\">1 &#8211; A\u00e7\u00f5es de divulga\u00e7\u00e3o cient\u00edfica<\/a><\/p>\n<p><a href=\"https:\/\/videira.ifc.edu.br\/fice\/wp-content\/uploads\/sites\/27\/2016\/09\/2-Blog-da-Sa\u00fade-Fice.pdf\" rel=\"\">2 &#8211; Blog da Sa\u00fade Fice<\/a><\/p>\n<p><a href=\"https:\/\/videira.ifc.edu.br\/fice\/wp-content\/uploads\/sites\/27\/2016\/09\/3-Elaborar-camara-desidrata\u00e7\u00e3o.pdf\" rel=\"\">3 &#8211; Elaborar camara desidrata\u00e7\u00e3o<\/a><\/p>\n<p><a href=\"https:\/\/videira.ifc.edu.br\/fice\/wp-content\/uploads\/sites\/27\/2016\/09\/4-Experimentos-Recreativos.pdf\" rel=\"\">4 &#8211; Experimentos Recreativos<\/a><\/p>\n<p><a href=\"https:\/\/videira.ifc.edu.br\/fice\/wp-content\/uploads\/sites\/27\/2016\/09\/5-Experimentos-Recreativos.pdf\" rel=\"\">5 &#8211; Experimentos Recreativos<\/a><\/p>\n<p><a href=\"https:\/\/videira.ifc.edu.br\/fice\/wp-content\/uploads\/sites\/27\/2016\/09\/6-Forma\u00e7\u00e3o-Continuada-de-Professores-e-Gestores.pdf\" rel=\"\">6 &#8211; Forma\u00e7\u00e3o Continuada de Professores e Gestores<\/a><\/p>\n<p><a href=\"https:\/\/videira.ifc.edu.br\/fice\/wp-content\/uploads\/sites\/27\/2016\/09\/7-Grupo-de-Dan\u00e7as-Tradicionalistas.pdf\" rel=\"\">7 &#8211; Grupo de Dan\u00e7as Tradicionalistas<\/a><\/p>\n<p><a href=\"https:\/\/videira.ifc.edu.br\/fice\/wp-content\/uploads\/sites\/27\/2016\/09\/8-Intervalo-cultural.pdf\" rel=\"\">8 &#8211; Intervalo cultural<\/a><\/p>\n<p><a href=\"https:\/\/videira.ifc.edu.br\/fice\/wp-content\/uploads\/sites\/27\/2016\/09\/9-Projeto-Estufa.pdf\" rel=\"\">9 &#8211; Projeto Estufa<\/a><\/p>\n<p><a href=\"https:\/\/videira.ifc.edu.br\/fice\/wp-content\/uploads\/sites\/27\/2016\/09\/10-Sistema-de-monitoramento-e-controle-do-processo-de-armazenamento-e-processamento-de-c\u00e9lulas-esperm\u00e1ticas.pdf\" rel=\"\">10 &#8211; Sistema de monitoramento e controle do processo de armazenamento e processamento de c\u00e9lulas esperm\u00e1ticas<\/a><\/p>\n<p><a href=\"https:\/\/videira.ifc.edu.br\/fice\/wp-content\/uploads\/sites\/27\/2016\/09\/11-Vermicompostagem.pdf\" rel=\"\">11 &#8211; Vermicompostagem<\/a><\/p>\n<p>&nbsp;<\/p>\n<p><strong>ARTIGOS PESQUISA\u00a0\u2013 CONCLU\u00cdDOS<\/strong><\/p>\n<p><a href=\"https:\/\/videira.ifc.edu.br\/fice\/wp-content\/uploads\/sites\/27\/2016\/09\/1-Artigo-Avaliando-o-Avaliar.pdf\" rel=\"\">1-Artigo-Avaliando o Avaliar<\/a><\/p>\n<p><a href=\"https:\/\/videira.ifc.edu.br\/fice\/wp-content\/uploads\/sites\/27\/2016\/09\/2-Artigo-O-mundo-est\u00e1-doente.pdf\" rel=\"\">2- Artigo O mundo est\u00e1 doente<\/a><\/p>\n<p><a href=\"https:\/\/videira.ifc.edu.br\/fice\/wp-content\/uploads\/sites\/27\/2016\/09\/3-Artigo-An\u00e1lise-e-levantamento-do-processo-migrat\u00f3rio-dos-haitianos.pdf\" rel=\"\">3 Artigo An\u00e1lise e levantamento do processo migrat\u00f3rio dos haitianos<\/a><\/p>\n<p><a href=\"https:\/\/videira.ifc.edu.br\/fice\/wp-content\/uploads\/sites\/27\/2016\/09\/4-Artigo-Desenvolvimento-de-ambientes.pdf\" rel=\"\">4 -Artigo Desenvolvimento de ambientes<\/a><\/p>\n<p><a href=\"https:\/\/videira.ifc.edu.br\/fice\/wp-content\/uploads\/sites\/27\/2016\/09\/05-Artigo-CONSTRU\u00c7\u00c3O-DE-UM-VE\u00cdCULO-EL\u00c9TRICO.pdf\" rel=\"\">05- Artigo CONSTRU\u00c7\u00c3O DE UM VE\u00cdCULO EL\u00c9TRICO<\/a><\/p>\n<p><a href=\"https:\/\/videira.ifc.edu.br\/fice\/wp-content\/uploads\/sites\/27\/2016\/09\/5-Artigo-DESENVOLVIMENTO-DE-UM-PAINEL-LED-UTILIZANDO-FITAS-LED-RGB-L.pdf\" rel=\"\">5-Artigo-DESENVOLVIMENTO DE UM PAINEL LED UTILIZANDO FITAS LED-RGB &#8211; L<\/a><\/p>\n<p><a href=\"https:\/\/videira.ifc.edu.br\/fice\/wp-content\/uploads\/sites\/27\/2016\/09\/6-Artigo-Educar-para-realidade.pdf\" rel=\"\">6-Artigo Educar para realidade<\/a><\/p>\n<p><a href=\"https:\/\/videira.ifc.edu.br\/fice\/wp-content\/uploads\/sites\/27\/2016\/09\/7-Artigo-ENEM-N\u00edveis-de-leitura.pdf\" rel=\"\">7- Artigo ENEM- N\u00edveis de leitura<\/a><\/p>\n<p><a href=\"https:\/\/videira.ifc.edu.br\/fice\/wp-content\/uploads\/sites\/27\/2016\/09\/8-Artigo-Transforma\u00e7\u00e3o-de-calor-em-energia.pdf\" rel=\"\">8-Artigo Transforma\u00e7\u00e3o de calor em energia<\/a><\/p>\n<p><a href=\"https:\/\/videira.ifc.edu.br\/fice\/wp-content\/uploads\/sites\/27\/2016\/09\/9-Artigo_-A-PARRHES\u00cdA-COMO-POSSIBILIDADE-\u00c9TICO-POL\u00cdTICA-Um-estudo-a-partir-de-Michel-Foucault.pdf\" rel=\"\">9- Artigo_ A PARRHES\u00cdA COMO POSSIBILIDADE \u00c9TICO-POL\u00cdTICA Um estudo a partir de Michel Foucault<\/a><\/p>\n<p><a href=\"https:\/\/videira.ifc.edu.br\/fice\/wp-content\/uploads\/sites\/27\/2016\/09\/10-Artigo-UTILIZA\u00c7\u00c3O-DE-GIROSC\u00d3PIO-E.pdf\" rel=\"\">10- Artigo UTILIZA\u00c7\u00c3O DE GIROSC\u00d3PIO E<\/a><\/p>\n<p>&nbsp;<\/p>\n<p><strong>RESUMOS EXTENS\u00c3O \u2013 EM ANDAMENTO<\/strong><\/p>\n<p><a href=\"https:\/\/videira.ifc.edu.br\/fice\/wp-content\/uploads\/sites\/27\/2016\/09\/1-Artesanato-em-E.V.A.pdf\" rel=\"\">1 &#8211; Artesanato em E.V.A<\/a><\/p>\n<p><a href=\"https:\/\/videira.ifc.edu.br\/fice\/wp-content\/uploads\/sites\/27\/2016\/09\/2-Caf\u00e9-com-seguran\u00e7a.pdf\" rel=\"\">2 &#8211; Caf\u00e9 com seguran\u00e7a<\/a><\/p>\n<p><a href=\"https:\/\/videira.ifc.edu.br\/fice\/wp-content\/uploads\/sites\/27\/2016\/09\/3-Desenvolvimento-e-uso-de-ferramenta-para-f\u00f3rum-de-intera\u00e7\u00e3o-entre-estudantes-de-\u00e1reas-afins.pdf\" rel=\"\">3 &#8211; Desenvolvimento e uso de ferramenta para f\u00f3rum de intera\u00e7\u00e3o entre estudantes de \u00e1reas afins<\/a><\/p>\n<p><a href=\"https:\/\/videira.ifc.edu.br\/fice\/wp-content\/uploads\/sites\/27\/2016\/09\/4-Grupo-de-Canto-Italiano.pdf\" rel=\"\">4 &#8211; Grupo de Canto Italiano<\/a><\/p>\n<p><a href=\"https:\/\/videira.ifc.edu.br\/fice\/wp-content\/uploads\/sites\/27\/2016\/09\/5-IFilosofia.pdf\" rel=\"\">5 &#8211; IFilosofia<\/a><\/p>\n<p><a href=\"https:\/\/videira.ifc.edu.br\/fice\/wp-content\/uploads\/sites\/27\/2016\/09\/6-Inclus\u00e3o-Digital-de-Idosos.pdf\" rel=\"\">6 &#8211; Inclus\u00e3o Digital de Idosos<\/a><\/p>\n<p><a href=\"https:\/\/videira.ifc.edu.br\/fice\/wp-content\/uploads\/sites\/27\/2016\/09\/7-Nucleo-de-estudos-do-Contestado.pdf\" rel=\"\">7 &#8211; Nucleo de estudos do Contestado<\/a><\/p>\n<p><a href=\"https:\/\/videira.ifc.edu.br\/fice\/wp-content\/uploads\/sites\/27\/2016\/09\/8-Pensando-a-Extens\u00e3o-com-Saberes-Diferentes.pdf\" rel=\"\">8 &#8211; Pensando a Extens\u00e3o com Saberes Diferentes<\/a><\/p>\n<p>&nbsp;<\/p>\n<p><strong>RESUMOS PESQUISA\u00a0\u2013 EM ANDAMENTO<\/strong><\/p>\n<p><a href=\"https:\/\/videira.ifc.edu.br\/fice\/wp-content\/uploads\/sites\/27\/2016\/09\/01-Resumo-ANALYTICINT-\u2013-Ferramenta-Web-para-Avaliar-1.pdf\" rel=\"\">01-Resumo ANALYTICINT \u2013 Ferramenta Web para Avaliar<\/a><\/p>\n<p><a href=\"https:\/\/videira.ifc.edu.br\/fice\/wp-content\/uploads\/sites\/27\/2016\/09\/02-Resumo-A-festa-terminada...-a-lou\u00e7a-deve-ser-lavada_-1.pdf\" rel=\"\">02- Resumo A festa terminada&#8230; a lou\u00e7a deve ser lavada_<\/a><\/p>\n<p><a href=\"https:\/\/videira.ifc.edu.br\/fice\/wp-content\/uploads\/sites\/27\/2016\/09\/03-Resumo-FA-m\u00eddia-audiovisual-e-o-ensino-de-hist\u00f3ria-nos-anos-iniciais-1.pdf\" rel=\"\">03- Resumo FA m\u00eddia audiovisual e o ensino de hist\u00f3ria nos anos iniciais<\/a><\/p>\n<p><a href=\"https:\/\/videira.ifc.edu.br\/fice\/wp-content\/uploads\/sites\/27\/2016\/09\/04-Resumo-Albert-Einstein_-do-escrit\u00f3rio-de-patentes-a-celebridade-cient\u00edfica-1.pdf\" rel=\"\">04- Resumo Albert Einstein_ do escrit\u00f3rio de patentes a celebridade cient\u00edfica<\/a><\/p>\n<p><a href=\"https:\/\/videira.ifc.edu.br\/fice\/wp-content\/uploads\/sites\/27\/2016\/09\/06-Resumo-DESENVOLVIMENTO-DE-UM-SISTEMA-DE-1.pdf\" rel=\"\">06- Resumo DESENVOLVIMENTO DE UM SISTEMA DE<\/a><\/p>\n<p><a href=\"https:\/\/videira.ifc.edu.br\/fice\/wp-content\/uploads\/sites\/27\/2016\/09\/07-Resumo-DETEC\u00c7\u00c3O-DA-RADIA\u00c7\u00c3O-DE-FUNDO-UTILIZANDO-UM-DETECTOR-1.pdf\" rel=\"\">07-Resumo- DETEC\u00c7\u00c3O DA RADIA\u00c7\u00c3O DE FUNDO UTILIZANDO UM DETECTOR<\/a><\/p>\n<p><a href=\"https:\/\/videira.ifc.edu.br\/fice\/wp-content\/uploads\/sites\/27\/2016\/09\/08-Resumo-L\u00e2mpadas-consomem-mais-energia-permanecendo-ligadas-ou-sendo-desligadas-e-ligadas-1.pdf\" rel=\"\">08- Resumo L\u00e2mpadas consomem mais energia permanecendo ligadas ou sendo desligadas e ligadas<\/a><\/p>\n<p><a href=\"https:\/\/videira.ifc.edu.br\/fice\/wp-content\/uploads\/sites\/27\/2016\/09\/09-Resumo_Haitianos-no-Brasil-2016_2017-1.pdf\" rel=\"\">09-Resumo_Haitianos no Brasil (2016_2017)<\/a><\/p>\n<p><a href=\"https:\/\/videira.ifc.edu.br\/fice\/wp-content\/uploads\/sites\/27\/2016\/09\/010-Resumo-O-caso-Eichmann-na-revista-O-Cruzeiro-1.pdf\" rel=\"\">010- Resumo O caso Eichmann na revista O Cruzeiro<\/a><\/p>\n<p><a href=\"https:\/\/videira.ifc.edu.br\/fice\/wp-content\/uploads\/sites\/27\/2016\/09\/011-Resumo-Verifica\u00e7\u00e3o-Pr\u00e1tica-Energia-Solar_oficial-1.pdf\" rel=\"\">011-Resumo Verifica\u00e7\u00e3o Pr\u00e1tica Energia Solar_oficial<\/a><\/p>\n","protected":false},"excerpt":{"rendered":"<p>Confira abaixo todos os Projetos apresentados na V FICE \u2013 Feira de Inicia\u00e7\u00e3o Cient\u00edfica e Extens\u00e3o do IFC Campus Videira. ISSN: 2317-9716 ARTIGOS EXTENS\u00c3O \u2013 CONCLU\u00cdDOS 1 &#8211; A\u00e7\u00f5es de divulga\u00e7\u00e3o cient\u00edfica 2 &#8211; Blog da Sa\u00fade Fice 3 &#8211; &hellip; <a href=\"https:\/\/videira.ifc.edu.br\/fice\/edicoes-anteriores\/2016-5a-edicao\/anais-do-evento\/\">Continuar lendo <span class=\"meta-nav\">&rarr;<\/span><\/a><\/p>\n","protected":false},"author":26,"featured_media":0,"parent":732,"menu_order":0,"comment_status":"closed","ping_status":"closed","template":"","meta":{"footnotes":""},"class_list":["post-673","page","type-page","status-publish","hentry"],"_links":{"self":[{"href":"https:\/\/videira.ifc.edu.br\/fice\/wp-json\/wp\/v2\/pages\/673","targetHints":{"allow":["GET"]}}],"collection":[{"href":"https:\/\/videira.ifc.edu.br\/fice\/wp-json\/wp\/v2\/pages"}],"about":[{"href":"https:\/\/videira.ifc.edu.br\/fice\/wp-json\/wp\/v2\/types\/page"}],"author":[{"embeddable":true,"href":"https:\/\/videira.ifc.edu.br\/fice\/wp-json\/wp\/v2\/users\/26"}],"replies":[{"embeddable":true,"href":"https:\/\/videira.ifc.edu.br\/fice\/wp-json\/wp\/v2\/comments?post=673"}],"version-history":[{"count":4,"href":"https:\/\/videira.ifc.edu.br\/fice\/wp-json\/wp\/v2\/pages\/673\/revisions"}],"predecessor-version":[{"id":729,"href":"https:\/\/videira.ifc.edu.br\/fice\/wp-json\/wp\/v2\/pages\/673\/revisions\/729"}],"up":[{"embeddable":true,"href":"https:\/\/videira.ifc.edu.br\/fice\/wp-json\/wp\/v2\/pages\/732"}],"wp:attachment":[{"href":"https:\/\/videira.ifc.edu.br\/fice\/wp-json\/wp\/v2\/media?parent=673"}],"curies":[{"name":"wp","href":"https:\/\/api.w.org\/{rel}","templated":true}]}}