{"id":998,"date":"2019-06-05T15:20:19","date_gmt":"2019-06-05T18:20:19","guid":{"rendered":"http:\/\/videira.ifc.edu.br\/fice\/?page_id=998"},"modified":"2020-08-20T14:19:52","modified_gmt":"2020-08-20T17:19:52","slug":"download","status":"publish","type":"page","link":"https:\/\/videira.ifc.edu.br\/fice\/edicoes-anteriores\/2019-8a-edicao\/download\/","title":{"rendered":"Download"},"content":{"rendered":"\n<div class=\"wp-block-file\"><a href=\"https:\/\/videira.ifc.edu.br\/fice\/wp-content\/uploads\/sites\/27\/2019\/06\/Modelo-Artigo-8\u00aa-FICE-Videira-2019.doc\">Modelo-Artigo-8\u00aa-FICE-Videira-2019<\/a><a href=\"https:\/\/videira.ifc.edu.br\/fice\/wp-content\/uploads\/sites\/27\/2019\/06\/Modelo-Artigo-8\u00aa-FICE-Videira-2019.doc\" class=\"wp-block-file__button\" download><\/a><\/div>\n\n\n\n<div class=\"wp-block-file\"><a href=\"https:\/\/videira.ifc.edu.br\/fice\/wp-content\/uploads\/sites\/27\/2019\/06\/Modelo-Resumo-8\u00aa-FICE-Videira-2019.doc\">Modelo-Resumo-8\u00aa-FICE-Videira-2019<\/a><a href=\"https:\/\/videira.ifc.edu.br\/fice\/wp-content\/uploads\/sites\/27\/2019\/06\/Modelo-Resumo-8\u00aa-FICE-Videira-2019.doc\" class=\"wp-block-file__button\" download><\/a><\/div>\n\n\n\n<div class=\"wp-block-file\"><a href=\"https:\/\/videira.ifc.edu.br\/fice\/wp-content\/uploads\/sites\/27\/2019\/06\/Modelo-Banner-8\u00aa-FICE-Videira-2019.ppt\">Modelo-Banner-8\u00aa-FICE-Videira-2019<\/a><a href=\"https:\/\/videira.ifc.edu.br\/fice\/wp-content\/uploads\/sites\/27\/2019\/06\/Modelo-Banner-8\u00aa-FICE-Videira-2019.ppt\" class=\"wp-block-file__button\" download><\/a><\/div>\n\n\n\n<div class=\"wp-block-file\"><a href=\"https:\/\/videira.ifc.edu.br\/fice\/wp-content\/uploads\/sites\/27\/2019\/06\/Ficha-de-avalia\u00e7\u00e3o-Projetos-EXTENS\u00c3O-8\u00aa-FICE.pdf\">Ficha-de-avalia\u00e7\u00e3o-Projetos-EXTENS\u00c3O-8\u00aa-FICE<\/a><a href=\"https:\/\/videira.ifc.edu.br\/fice\/wp-content\/uploads\/sites\/27\/2019\/06\/Ficha-de-avalia\u00e7\u00e3o-Projetos-EXTENS\u00c3O-8\u00aa-FICE.pdf\" class=\"wp-block-file__button\" download><\/a><\/div>\n\n\n\n<div class=\"wp-block-file\"><a href=\"https:\/\/videira.ifc.edu.br\/fice\/wp-content\/uploads\/sites\/27\/2019\/06\/Ficha-de-avalia\u00e7\u00e3o-Projetos-PESQUISA-8\u00aa-FICE.pdf\">Ficha-de-avalia\u00e7\u00e3o-Projetos-PESQUISA-8\u00aa-FICE<\/a><a href=\"https:\/\/videira.ifc.edu.br\/fice\/wp-content\/uploads\/sites\/27\/2019\/06\/Ficha-de-avalia\u00e7\u00e3o-Projetos-PESQUISA-8\u00aa-FICE.pdf\" class=\"wp-block-file__button\" download><\/a><\/div>\n","protected":false},"excerpt":{"rendered":"","protected":false},"author":26,"featured_media":0,"parent":1089,"menu_order":0,"comment_status":"closed","ping_status":"closed","template":"","meta":{"footnotes":""},"class_list":["post-998","page","type-page","status-publish","hentry"],"_links":{"self":[{"href":"https:\/\/videira.ifc.edu.br\/fice\/wp-json\/wp\/v2\/pages\/998","targetHints":{"allow":["GET"]}}],"collection":[{"href":"https:\/\/videira.ifc.edu.br\/fice\/wp-json\/wp\/v2\/pages"}],"about":[{"href":"https:\/\/videira.ifc.edu.br\/fice\/wp-json\/wp\/v2\/types\/page"}],"author":[{"embeddable":true,"href":"https:\/\/videira.ifc.edu.br\/fice\/wp-json\/wp\/v2\/users\/26"}],"replies":[{"embeddable":true,"href":"https:\/\/videira.ifc.edu.br\/fice\/wp-json\/wp\/v2\/comments?post=998"}],"version-history":[{"count":2,"href":"https:\/\/videira.ifc.edu.br\/fice\/wp-json\/wp\/v2\/pages\/998\/revisions"}],"predecessor-version":[{"id":1091,"href":"https:\/\/videira.ifc.edu.br\/fice\/wp-json\/wp\/v2\/pages\/998\/revisions\/1091"}],"up":[{"embeddable":true,"href":"https:\/\/videira.ifc.edu.br\/fice\/wp-json\/wp\/v2\/pages\/1089"}],"wp:attachment":[{"href":"https:\/\/videira.ifc.edu.br\/fice\/wp-json\/wp\/v2\/media?parent=998"}],"curies":[{"name":"wp","href":"https:\/\/api.w.org\/{rel}","templated":true}]}}