{"id":187,"date":"2014-09-24T17:40:16","date_gmt":"2014-09-24T17:40:16","guid":{"rendered":"http:\/\/eventos.videira.ifc.edu.br\/seag\/?page_id=187"},"modified":"2021-09-16T16:20:42","modified_gmt":"2021-09-16T19:20:42","slug":"contato-3","status":"publish","type":"page","link":"https:\/\/videira.ifc.edu.br\/seag\/contato-3\/","title":{"rendered":"Inscri\u00e7\u00f5es e link para participa\u00e7\u00e3o"},"content":{"rendered":"\n<div class=\"wp-block-group\"><div class=\"wp-block-group__inner-container is-layout-flow wp-block-group-is-layout-flow\"><\/div><\/div>\n\n\n\n<p>As inscri\u00e7\u00f5es poder\u00e3o ser realizadas entre os dias 15\/09 e 22\/09 atrav\u00e9s do preenchimento do formul\u00e1rio dispon\u00edvel em: <a href=\"https:\/\/forms.gle\/F7m9otCkDb4KZbAu6\">https:\/\/forms.gle\/F7m9otCkDb4KZbAu6<\/a><\/p>\n\n\n\n<p>As inscri\u00e7\u00f5es s\u00e3o obrigat\u00f3rias aos que desejam certifica\u00e7\u00e3o.<\/p>\n\n\n\n<p><\/p>\n\n\n\n<p>O evento ser\u00e1 transmitido pelo Link: <a href=\"https:\/\/www.youtube.com\/watch?v=3GSX1hDX-pA\"><a rel=\"noreferrer noopener\" href=\"https:\/\/www.youtube.com\/watch?v=3GSX1hDX-pA\" target=\"_blank\">https:\/\/www.youtube.com\/watch?v=3GSX1hDX-pA<\/a><\/a><\/p>\n\n\n\n<p><\/p>\n","protected":false},"excerpt":{"rendered":"<p>As inscri\u00e7\u00f5es poder\u00e3o ser realizadas entre os dias 15\/09 e 22\/09 atrav\u00e9s do preenchimento do formul\u00e1rio dispon\u00edvel em: https:\/\/forms.gle\/F7m9otCkDb4KZbAu6 As inscri\u00e7\u00f5es s\u00e3o obrigat\u00f3rias aos que desejam certifica\u00e7\u00e3o. O evento ser\u00e1 transmitido pelo Link: https:\/\/www.youtube.com\/watch?v=3GSX1hDX-pA<\/p>\n","protected":false},"author":47,"featured_media":0,"parent":0,"menu_order":40,"comment_status":"closed","ping_status":"closed","template":"","meta":{"footnotes":""},"class_list":["post-187","page","type-page","status-publish","hentry"],"_links":{"self":[{"href":"https:\/\/videira.ifc.edu.br\/seag\/wp-json\/wp\/v2\/pages\/187","targetHints":{"allow":["GET"]}}],"collection":[{"href":"https:\/\/videira.ifc.edu.br\/seag\/wp-json\/wp\/v2\/pages"}],"about":[{"href":"https:\/\/videira.ifc.edu.br\/seag\/wp-json\/wp\/v2\/types\/page"}],"author":[{"embeddable":true,"href":"https:\/\/videira.ifc.edu.br\/seag\/wp-json\/wp\/v2\/users\/47"}],"replies":[{"embeddable":true,"href":"https:\/\/videira.ifc.edu.br\/seag\/wp-json\/wp\/v2\/comments?post=187"}],"version-history":[{"count":16,"href":"https:\/\/videira.ifc.edu.br\/seag\/wp-json\/wp\/v2\/pages\/187\/revisions"}],"predecessor-version":[{"id":648,"href":"https:\/\/videira.ifc.edu.br\/seag\/wp-json\/wp\/v2\/pages\/187\/revisions\/648"}],"wp:attachment":[{"href":"https:\/\/videira.ifc.edu.br\/seag\/wp-json\/wp\/v2\/media?parent=187"}],"curies":[{"name":"wp","href":"https:\/\/api.w.org\/{rel}","templated":true}]}}

Inscrições e link para participação

<div class="wp-block-group"><div class="wp-block-group__inner-container is-layout-flow wp-block-group-is-layout-flow"></div></div>



<p>As inscrições poderão ser realizadas entre os dias 15/09 e 22/09 através do preenchimento do formulário disponível em: <a href="https://forms.gle/F7m9otCkDb4KZbAu6">https://forms.gle/F7m9otCkDb4KZbAu6</a></p>



<p>As inscrições são obrigatórias aos que desejam certificação.</p>



<p></p>



<p>O evento será transmitido pelo Link: <a href="https://www.youtube.com/watch?v=3GSX1hDX-pA"><a rel="noreferrer noopener" href="https://www.youtube.com/watch?v=3GSX1hDX-pA" target="_blank">https://www.youtube.com/watch?v=3GSX1hDX-pA</a></a></p>



<p></p>

<p>As inscrições poderão ser realizadas entre os dias 15/09 e 22/09 através do preenchimento do formulário disponível em: https://forms.gle/F7m9otCkDb4KZbAu6 As inscrições são obrigatórias aos que desejam certificação. O evento será transmitido pelo Link: https://www.youtube.com/watch?v=3GSX1hDX-pA</p>
