{"id":333,"date":"2018-09-12T10:52:59","date_gmt":"2018-09-12T13:52:59","guid":{"rendered":"http:\/\/eventos.videira.ifc.edu.br\/seag\/?page_id=2"},"modified":"2021-08-18T13:36:46","modified_gmt":"2021-08-18T16:36:46","slug":"programacao-2","status":"publish","type":"page","link":"https:\/\/videira.ifc.edu.br\/seag\/programacao-2\/","title":{"rendered":"Programa\u00e7\u00e3o da X SEAG &#8211; 2021"},"content":{"rendered":"<h4 style=\"background-color: #009933;text-align: center;color: #fff;font-weight: bold;margin-bottom: 10px\">INSCRI\u00c7\u00d5ES<\/h4>\n<article><\/article>\n\n\n<p><strong>Inscri\u00e7\u00f5es<\/strong>: De 17\/10 at\u00e9 23\/10<\/p>\n\n\n\n<p>As inscri\u00e7\u00f5es ser\u00e3o realizada atrav\u00e9s do preenchimento do formul\u00e1rio dispon\u00edvel em: (LINK)<\/p>\n\n\n<article><\/article>\n<h4 style=\"background-color: #009933;text-align: center;color: #fff;font-weight: bold;margin-bottom: 10px\">ATIVIDADES NO DIA DO EVENTO<\/h4>\n<div style=\"clear: both\">\n<article>\n<article><\/article>\n<h4>\u00a0<\/h4>\n<\/article>\n<\/div>\n\n\n<\/h4>\n<div><strong>Abertura:<\/strong> Das 14:00 \u00e0s 14:15.<\/div>\n<div><\/div>\n<div><\/div>\n<div><strong>Palestra 01<\/strong><\/div>\n<div>Nome do palestrante: Dr. Leonardo Joso\u00e9 Biffi<\/div>\n<div>T\u00edtulo da Palestra:\u00a0Fruticultura de Precis\u00e3o<\/div>\n<div>In\u00edcio previsto: 14: 15 horas (Aproximadamente 1 hora de dura\u00e7\u00e3o)<\/div>\n<div>Ap\u00f3s a palestra ser\u00e3o destinados 15 minutos para as perguntas.<\/div>\n<div><\/div>\n<div><strong>Palestra 02<\/strong><\/div>\n<div>Nome da palestrante: Daiana Ribeiro Blaskowski<\/div>\n<div>T\u00edtulo da Palestra:\u00a0A pandemia nos pequenos neg\u00f3cios do agro brasileiro<\/div>\n<div>In\u00edcio previsto: 15:45h (Aproximadamente 1 hora de dura\u00e7\u00e3o)<\/div>\n<div>Ap\u00f3s a palestra ser\u00e3o destinados 15 minutos para as perguntas.<\/div>\n<div><\/div>\n<div><strong>Encerramento previsto \u00e0s 17:00.<\/strong><\/div>\n<div><\/div>\n<div>OBS: Os hor\u00e1rios est\u00e3o sujeitos \u00e0 altera\u00e7\u00f5es com margem de at\u00e9 15 minutos a mais.<\/div>\n<div><\/div>\n<article>\n<div><\/div>\n<\/article>\n<\/article>\n<article><\/article><\/div>\n<article style=\"margin-top: 15px;margin-bottom: 10px;width: 584px\">\n<div style=\"width: 331px;float: left\"><\/div>\n<\/article>\n","protected":false},"excerpt":{"rendered":"<p>INSCRI\u00c7\u00d5ES Inscri\u00e7\u00f5es: De 17\/10 at\u00e9 23\/10 As inscri\u00e7\u00f5es ser\u00e3o realizada atrav\u00e9s do preenchimento do formul\u00e1rio dispon\u00edvel em: (LINK) ATIVIDADES NO DIA DO EVENTO \u00a0 Abertura: Das 14:00 \u00e0s 14:15. Palestra 01 Nome do palestrante: Dr. Leonardo Joso\u00e9 Biffi T\u00edtulo da &hellip; <a href=\"https:\/\/videira.ifc.edu.br\/seag\/programacao-2\/\">Continuar lendo <span class=\"meta-nav\">&rarr;<\/span><\/a><\/p>\n","protected":false},"author":47,"featured_media":0,"parent":0,"menu_order":0,"comment_status":"open","ping_status":"open","template":"","meta":{"footnotes":""},"class_list":["post-333","page","type-page","status-publish","hentry"],"_links":{"self":[{"href":"https:\/\/videira.ifc.edu.br\/seag\/wp-json\/wp\/v2\/pages\/333","targetHints":{"allow":["GET"]}}],"collection":[{"href":"https:\/\/videira.ifc.edu.br\/seag\/wp-json\/wp\/v2\/pages"}],"about":[{"href":"https:\/\/videira.ifc.edu.br\/seag\/wp-json\/wp\/v2\/types\/page"}],"author":[{"embeddable":true,"href":"https:\/\/videira.ifc.edu.br\/seag\/wp-json\/wp\/v2\/users\/47"}],"replies":[{"embeddable":true,"href":"https:\/\/videira.ifc.edu.br\/seag\/wp-json\/wp\/v2\/comments?post=333"}],"version-history":[{"count":7,"href":"https:\/\/videira.ifc.edu.br\/seag\/wp-json\/wp\/v2\/pages\/333\/revisions"}],"predecessor-version":[{"id":612,"href":"https:\/\/videira.ifc.edu.br\/seag\/wp-json\/wp\/v2\/pages\/333\/revisions\/612"}],"wp:attachment":[{"href":"https:\/\/videira.ifc.edu.br\/seag\/wp-json\/wp\/v2\/media?parent=333"}],"curies":[{"name":"wp","href":"https:\/\/api.w.org\/{rel}","templated":true}]}}

Programação da X SEAG &#8211; 2021

<h4 style="background-color: #009933;text-align: center;color: #fff;font-weight: bold;margin-bottom: 10px">INSCRIÇÕES</h4>
<article></article>


<p><strong>Inscrições</strong>: De 17/10 até 23/10</p>



<p>As inscrições serão realizada através do preenchimento do formulário disponível em: (LINK)</p>


<article></article>
<h4 style="background-color: #009933;text-align: center;color: #fff;font-weight: bold;margin-bottom: 10px">ATIVIDADES NO DIA DO EVENTO</h4>
<div style="clear: both">
<article>
<article></article>
<h4> </h4>
</article>
</div>


</h4>
<div><strong>Abertura:</strong> Das 14:00 às 14:15.</div>
<div></div>
<div></div>
<div><strong>Palestra 01</strong></div>
<div>Nome do palestrante: Dr. Leonardo Josoé Biffi</div>
<div>Título da Palestra: Fruticultura de Precisão</div>
<div>Início previsto: 14: 15 horas (Aproximadamente 1 hora de duração)</div>
<div>Após a palestra serão destinados 15 minutos para as perguntas.</div>
<div></div>
<div><strong>Palestra 02</strong></div>
<div>Nome da palestrante: Daiana Ribeiro Blaskowski</div>
<div>Título da Palestra: A pandemia nos pequenos negócios do agro brasileiro</div>
<div>Início previsto: 15:45h (Aproximadamente 1 hora de duração)</div>
<div>Após a palestra serão destinados 15 minutos para as perguntas.</div>
<div></div>
<div><strong>Encerramento previsto às 17:00.</strong></div>
<div></div>
<div>OBS: Os horários estão sujeitos à alterações com margem de até 15 minutos a mais.</div>
<div></div>
<article>
<div></div>
</article>
</article>
<article></article></div>
<article style="margin-top: 15px;margin-bottom: 10px;width: 584px">
<div style="width: 331px;float: left"></div>
</article>

<p>INSCRIÇÕES Inscrições: De 17/10 até 23/10 As inscrições serão realizada através do preenchimento do formulário disponível em: (LINK) ATIVIDADES NO DIA DO EVENTO   Abertura: Das 14:00 às 14:15. Palestra 01 Nome do palestrante: Dr. Leonardo Josoé Biffi Título da &hellip; <a href="https://videira.ifc.edu.br/seag/programacao-2/">Continuar lendo <span class="meta-nav">&rarr;</span></a></p>
