{"id":351,"date":"2016-09-06T16:00:30","date_gmt":"2016-09-06T19:00:30","guid":{"rendered":"http:\/\/videira.ifc.edu.br\/seag\/?page_id=351"},"modified":"2020-10-01T11:28:14","modified_gmt":"2020-10-01T14:28:14","slug":"cronograma","status":"publish","type":"page","link":"https:\/\/videira.ifc.edu.br\/seag\/cronograma\/","title":{"rendered":"Programa\u00e7\u00e3o"},"content":{"rendered":"\n<p><strong>Inscri\u00e7\u00f5es<\/strong>: De 07\/10 at\u00e9 13\/10<\/p>\n\n\n\n<p>As inscri\u00e7\u00f5es ser\u00e3o realizada atrav\u00e9s do preenchimento do formul\u00e1rio dispon\u00edvel em: (LINK)<\/p>\n\n\n<p><strong>Atividades no dia do evento<\/strong><\/p>\n<div><strong>Abertura:<\/strong> Das 14:00 \u00e0s 14:15.<\/div>\n<div>\u00a0<\/div>\n<div>\u00a0<\/div>\n<div><strong>Palestra 01<\/strong><\/div>\n<div>Nome do palestrante: Dr. Leonardo Joso\u00e9 Biffi<\/div>\n<div>T\u00edtulo da Palestra:\u00a0Fruticultura de Precis\u00e3o<\/div>\n<div>In\u00edcio previsto: 14: 15 horas (Aproximadamente 1 hora de dura\u00e7\u00e3o)<\/div>\n<div>Ap\u00f3s a palestra ser\u00e3o destinados 15 minutos para as perguntas.<\/div>\n<div>\u00a0<\/div>\n<div><strong>Palestra 02<\/strong><\/div>\n<div>Nome da palestrante: Daiana Ribeiro Blaskowski\u00a0<\/div>\n<div>T\u00edtulo da Palestra:\u00a0A pandemia nos pequenos neg\u00f3cios do agro brasileiro<\/div>\n<div>In\u00edcio previsto: 15:45h (Aproximadamente 1 hora de dura\u00e7\u00e3o) \u00a0 \u00a0 \u00a0 \u00a0 \u00a0 \u00a0 \u00a0 \u00a0\u00a0<\/div>\n<div>Ap\u00f3s a palestra ser\u00e3o destinados 15 minutos para as perguntas.<\/div>\n<div>\u00a0<\/div>\n<div><strong>Encerramento previsto \u00e0s 17:00.<\/strong><\/div>\n<div>\u00a0<\/div>\n<div>OBS: Os hor\u00e1rios est\u00e3o sujeitos \u00e0 altera\u00e7\u00f5es com margem de at\u00e9 15 minutos a mais.\u00a0<\/div>","protected":false},"excerpt":{"rendered":"<p>Inscri\u00e7\u00f5es: De 07\/10 at\u00e9 13\/10 As inscri\u00e7\u00f5es ser\u00e3o realizada atrav\u00e9s do preenchimento do formul\u00e1rio dispon\u00edvel em: (LINK) Atividades no dia do evento Abertura: Das 14:00 \u00e0s 14:15. \u00a0 \u00a0 Palestra 01 Nome do palestrante: Dr. Leonardo Joso\u00e9 Biffi T\u00edtulo da &hellip; <a href=\"https:\/\/videira.ifc.edu.br\/seag\/cronograma\/\">Continuar lendo <span class=\"meta-nav\">&rarr;<\/span><\/a><\/p>\n","protected":false},"author":5,"featured_media":0,"parent":0,"menu_order":1,"comment_status":"closed","ping_status":"closed","template":"sidebar-page.php","meta":{"footnotes":""},"class_list":["post-351","page","type-page","status-publish","hentry"],"_links":{"self":[{"href":"https:\/\/videira.ifc.edu.br\/seag\/wp-json\/wp\/v2\/pages\/351","targetHints":{"allow":["GET"]}}],"collection":[{"href":"https:\/\/videira.ifc.edu.br\/seag\/wp-json\/wp\/v2\/pages"}],"about":[{"href":"https:\/\/videira.ifc.edu.br\/seag\/wp-json\/wp\/v2\/types\/page"}],"author":[{"embeddable":true,"href":"https:\/\/videira.ifc.edu.br\/seag\/wp-json\/wp\/v2\/users\/5"}],"replies":[{"embeddable":true,"href":"https:\/\/videira.ifc.edu.br\/seag\/wp-json\/wp\/v2\/comments?post=351"}],"version-history":[{"count":7,"href":"https:\/\/videira.ifc.edu.br\/seag\/wp-json\/wp\/v2\/pages\/351\/revisions"}],"predecessor-version":[{"id":541,"href":"https:\/\/videira.ifc.edu.br\/seag\/wp-json\/wp\/v2\/pages\/351\/revisions\/541"}],"wp:attachment":[{"href":"https:\/\/videira.ifc.edu.br\/seag\/wp-json\/wp\/v2\/media?parent=351"}],"curies":[{"name":"wp","href":"https:\/\/api.w.org\/{rel}","templated":true}]}}

Programação

<p><strong>Inscrições</strong>: De 07/10 até 13/10</p>



<p>As inscrições serão realizada através do preenchimento do formulário disponível em: (LINK)</p>


<p><strong>Atividades no dia do evento</strong></p>
<div><strong>Abertura:</strong> Das 14:00 às 14:15.</div>
<div> </div>
<div> </div>
<div><strong>Palestra 01</strong></div>
<div>Nome do palestrante: Dr. Leonardo Josoé Biffi</div>
<div>Título da Palestra: Fruticultura de Precisão</div>
<div>Início previsto: 14: 15 horas (Aproximadamente 1 hora de duração)</div>
<div>Após a palestra serão destinados 15 minutos para as perguntas.</div>
<div> </div>
<div><strong>Palestra 02</strong></div>
<div>Nome da palestrante: Daiana Ribeiro Blaskowski </div>
<div>Título da Palestra: A pandemia nos pequenos negócios do agro brasileiro</div>
<div>Início previsto: 15:45h (Aproximadamente 1 hora de duração)                 </div>
<div>Após a palestra serão destinados 15 minutos para as perguntas.</div>
<div> </div>
<div><strong>Encerramento previsto às 17:00.</strong></div>
<div> </div>
<div>OBS: Os horários estão sujeitos à alterações com margem de até 15 minutos a mais. </div>

<p>Inscrições: De 07/10 até 13/10 As inscrições serão realizada através do preenchimento do formulário disponível em: (LINK) Atividades no dia do evento Abertura: Das 14:00 às 14:15.     Palestra 01 Nome do palestrante: Dr. Leonardo Josoé Biffi Título da &hellip; <a href="https://videira.ifc.edu.br/seag/cronograma/">Continuar lendo <span class="meta-nav">&rarr;</span></a></p>
