{"id":353,"date":"2016-09-05T15:00:06","date_gmt":"2016-09-05T18:00:06","guid":{"rendered":"http:\/\/videira.ifc.edu.br\/seag\/?page_id=353"},"modified":"2017-09-12T15:16:57","modified_gmt":"2017-09-12T18:16:57","slug":"oficinas","status":"publish","type":"page","link":"https:\/\/videira.ifc.edu.br\/seag\/oficinas\/","title":{"rendered":"Oficinas"},"content":{"rendered":"<p class=\"western\" align=\"justify\"><span style=\"color: #000000\"><span style=\"font-family: 'Bitstream Charter', serif\"><span style=\"font-size: medium\"><b>Todas as oficinas ser\u00e3o dia 28\/09, das 8 h \u00e0s 11:30. Cada inscrito dever\u00e1 escolher <u>somente <\/u><u>uma<\/u> oficina para participar.<\/b><\/span><\/span><\/span><\/p>\n<p class=\"western\" align=\"justify\"><span style=\"color: #000000\"><span style=\"font-family: 'Bitstream Charter', serif\"><span style=\"font-size: medium\"><u><b>1\u00aa Oficina &#8211;\u00a0<\/b><\/u>Manejos e t\u00e9cnicas utilizadas na pecu\u00e1ria de corte<\/span><\/span><\/span><\/p>\n<p class=\"western\" align=\"justify\"><span style=\"color: #000000\"><span style=\"font-family: 'Bitstream Charter', serif\"><span style=\"font-size: medium\">Esta oficina ser\u00e1 oferecida na 3 Marias Agroneg\u00f3cios, em Rio das Pedras, pela m\u00e9dica veterin\u00e1ria Sarah Fragoso.<\/span><\/span><\/span><\/p>\n<p class=\"western\" align=\"justify\"><span style=\"color: #000000\"><span style=\"font-family: 'Bitstream Charter', serif\"><span style=\"font-size: medium\">_______________________________________________________________<\/span><\/span><\/span><\/p>\n<p class=\"western\" align=\"justify\"><span style=\"color: #000000\"><span style=\"font-family: 'Bitstream Charter', serif\"><span style=\"font-size: medium\"><u><b>2\u00aa Oficina &#8211;<\/b><\/u>\u00a0<span lang=\"pt-BR\">Implanta\u00e7\u00e3o de pastagens e forma\u00e7\u00e3o de piquetes com uso de cerca el\u00e9trica.<\/span><\/span><\/span><\/span><\/p>\n<p class=\"western\" align=\"justify\"><span style=\"color: #000000\"><span style=\"font-family: 'Bitstream Charter', serif\"><span style=\"font-size: medium\">Ser\u00e3o abordadas as e<span lang=\"pt-BR\">sp\u00e9cies de pastagens\u00a0perenes recomendados para o estado de Santa Catarina, m\u00e9todos de implanta\u00e7\u00e3o, preparo de solo, produ\u00e7\u00e3o de mudas, controle de ervas daninhas e o uso de cerca el\u00e9trica. Esta oficina ser\u00e1 conduzida por Sandro Secco e C\u00e1ssio Marques, ambos da Epagri.<\/span><\/span><\/span><\/span><\/p>\n<p class=\"western\" align=\"justify\"><span style=\"color: #000000\"><span style=\"font-family: 'Bitstream Charter', serif\"><span style=\"font-size: medium\">_______________________________________________________________<\/span><\/span><\/span><\/p>\n<p class=\"western\" align=\"justify\"><span style=\"color: #000000\"><span style=\"font-family: 'Bitstream Charter', serif\"><span style=\"font-size: medium\"><u><b>3\u00aa Oficina\u00a0<\/b><\/u><b>&#8211;<\/b>\u00a0Regulagem de semeadoras<\/span><\/span><\/span><\/p>\n<p class=\"western\" align=\"justify\"><span style=\"color: #000000\"><span style=\"font-family: 'Bitstream Charter', serif\"><span style=\"font-size: medium\">Oficina oferecida por Paulo Knapik, s\u00f3cio da Empresa Knapik de Porto Uni\u00e3o.<\/span><\/span><\/span><\/p>\n<p class=\"western\" align=\"justify\"><span style=\"color: #000000\"><span style=\"font-family: 'Bitstream Charter', serif\"><span style=\"font-size: medium\">_______________________________________________________________<\/span><\/span><\/span><\/p>\n<p class=\"western\" align=\"justify\"><span style=\"color: #000000\"><span style=\"font-family: 'Bitstream Charter', serif\"><span style=\"font-size: medium\"><u><b>4\u00aa Oficina\u00a0<\/b><\/u><b>&#8211;\u00a0<\/b>T\u00e9cnicas de cultivo hidrop\u00f4nico<\/span><\/span><\/span><\/p>\n<p class=\"western\" align=\"justify\"><span style=\"color: #000000\"><span style=\"font-family: 'Bitstream Charter', serif\"><span style=\"font-size: medium\">Oficina oferecida por Maicon e F\u00e1bio das Hortali\u00e7as Stella, T\u00e9cnico em Agropecu\u00e1ria e Engenheiro Agr\u00f4nomo.<\/span><\/span><\/span><\/p>\n<p class=\"western\" align=\"justify\"><span style=\"color: #000000\"><span style=\"font-family: 'Bitstream Charter', serif\"><span style=\"font-size: medium\">_______________________________________________________________<\/span><\/span><\/span><\/p>\n<p class=\"western\" align=\"justify\"><span style=\"color: #000000\"><span style=\"font-family: 'Bitstream Charter', serif\"><span style=\"font-size: medium\"><u><b>5\u00aa Oficina\u00a0<\/b><\/u><b>&#8211;<\/b>\u00a0Valor das plantas medicinais e arom\u00e1ticas.<\/span><\/span><\/span><\/p>\n<p class=\"western\" align=\"justify\"><span style=\"color: #000000\"><span style=\"font-family: 'Bitstream Charter', serif\"><span style=\"font-size: medium\">Oficina oferecida por\u00a0<span lang=\"pt-BR\">Irene Farina,\u00a0<\/span>Assistente Social, ex- extensionista da Epagri.<\/span><\/span><\/span><\/p>\n","protected":false},"excerpt":{"rendered":"<p>Todas as oficinas ser\u00e3o dia 28\/09, das 8 h \u00e0s 11:30. Cada inscrito dever\u00e1 escolher somente uma oficina para participar. 1\u00aa Oficina &#8211;\u00a0Manejos e t\u00e9cnicas utilizadas na pecu\u00e1ria de corte Esta oficina ser\u00e1 oferecida na 3 Marias Agroneg\u00f3cios, em Rio &hellip; <a href=\"https:\/\/videira.ifc.edu.br\/seag\/oficinas\/\">Continuar lendo <span class=\"meta-nav\">&rarr;<\/span><\/a><\/p>\n","protected":false},"author":5,"featured_media":0,"parent":0,"menu_order":2,"comment_status":"closed","ping_status":"closed","template":"sidebar-page.php","meta":{"footnotes":""},"class_list":["post-353","page","type-page","status-publish","hentry"],"_links":{"self":[{"href":"https:\/\/videira.ifc.edu.br\/seag\/wp-json\/wp\/v2\/pages\/353","targetHints":{"allow":["GET"]}}],"collection":[{"href":"https:\/\/videira.ifc.edu.br\/seag\/wp-json\/wp\/v2\/pages"}],"about":[{"href":"https:\/\/videira.ifc.edu.br\/seag\/wp-json\/wp\/v2\/types\/page"}],"author":[{"embeddable":true,"href":"https:\/\/videira.ifc.edu.br\/seag\/wp-json\/wp\/v2\/users\/5"}],"replies":[{"embeddable":true,"href":"https:\/\/videira.ifc.edu.br\/seag\/wp-json\/wp\/v2\/comments?post=353"}],"version-history":[{"count":8,"href":"https:\/\/videira.ifc.edu.br\/seag\/wp-json\/wp\/v2\/pages\/353\/revisions"}],"predecessor-version":[{"id":453,"href":"https:\/\/videira.ifc.edu.br\/seag\/wp-json\/wp\/v2\/pages\/353\/revisions\/453"}],"wp:attachment":[{"href":"https:\/\/videira.ifc.edu.br\/seag\/wp-json\/wp\/v2\/media?parent=353"}],"curies":[{"name":"wp","href":"https:\/\/api.w.org\/{rel}","templated":true}]}}

<p class="western" align="justify"><span style="color: #000000"><span style="font-family: 'Bitstream Charter', serif"><span style="font-size: medium"><b>Todas as oficinas serão dia 28/09, das 8 h às 11:30. Cada inscrito deverá escolher <u>somente </u><u>uma</u> oficina para participar.</b></span></span></span></p>
<p class="western" align="justify"><span style="color: #000000"><span style="font-family: 'Bitstream Charter', serif"><span style="font-size: medium"><u><b>1ª Oficina &#8211; </b></u>Manejos e técnicas utilizadas na pecuária de corte</span></span></span></p>
<p class="western" align="justify"><span style="color: #000000"><span style="font-family: 'Bitstream Charter', serif"><span style="font-size: medium">Esta oficina será oferecida na 3 Marias Agronegócios, em Rio das Pedras, pela médica veterinária Sarah Fragoso.</span></span></span></p>
<p class="western" align="justify"><span style="color: #000000"><span style="font-family: 'Bitstream Charter', serif"><span style="font-size: medium">_______________________________________________________________</span></span></span></p>
<p class="western" align="justify"><span style="color: #000000"><span style="font-family: 'Bitstream Charter', serif"><span style="font-size: medium"><u><b>2ª Oficina &#8211;</b></u> <span lang="pt-BR">Implantação de pastagens e formação de piquetes com uso de cerca elétrica.</span></span></span></span></p>
<p class="western" align="justify"><span style="color: #000000"><span style="font-family: 'Bitstream Charter', serif"><span style="font-size: medium">Serão abordadas as e<span lang="pt-BR">spécies de pastagens perenes recomendados para o estado de Santa Catarina, métodos de implantação, preparo de solo, produção de mudas, controle de ervas daninhas e o uso de cerca elétrica. Esta oficina será conduzida por Sandro Secco e Cássio Marques, ambos da Epagri.</span></span></span></span></p>
<p class="western" align="justify"><span style="color: #000000"><span style="font-family: 'Bitstream Charter', serif"><span style="font-size: medium">_______________________________________________________________</span></span></span></p>
<p class="western" align="justify"><span style="color: #000000"><span style="font-family: 'Bitstream Charter', serif"><span style="font-size: medium"><u><b>3ª Oficina </b></u><b>&#8211;</b> Regulagem de semeadoras</span></span></span></p>
<p class="western" align="justify"><span style="color: #000000"><span style="font-family: 'Bitstream Charter', serif"><span style="font-size: medium">Oficina oferecida por Paulo Knapik, sócio da Empresa Knapik de Porto União.</span></span></span></p>
<p class="western" align="justify"><span style="color: #000000"><span style="font-family: 'Bitstream Charter', serif"><span style="font-size: medium">_______________________________________________________________</span></span></span></p>
<p class="western" align="justify"><span style="color: #000000"><span style="font-family: 'Bitstream Charter', serif"><span style="font-size: medium"><u><b>4ª Oficina </b></u><b>&#8211; </b>Técnicas de cultivo hidropônico</span></span></span></p>
<p class="western" align="justify"><span style="color: #000000"><span style="font-family: 'Bitstream Charter', serif"><span style="font-size: medium">Oficina oferecida por Maicon e Fábio das Hortaliças Stella, Técnico em Agropecuária e Engenheiro Agrônomo.</span></span></span></p>
<p class="western" align="justify"><span style="color: #000000"><span style="font-family: 'Bitstream Charter', serif"><span style="font-size: medium">_______________________________________________________________</span></span></span></p>
<p class="western" align="justify"><span style="color: #000000"><span style="font-family: 'Bitstream Charter', serif"><span style="font-size: medium"><u><b>5ª Oficina </b></u><b>&#8211;</b> Valor das plantas medicinais e aromáticas.</span></span></span></p>
<p class="western" align="justify"><span style="color: #000000"><span style="font-family: 'Bitstream Charter', serif"><span style="font-size: medium">Oficina oferecida por <span lang="pt-BR">Irene Farina, </span>Assistente Social, ex- extensionista da Epagri.</span></span></span></p>

<p>Todas as oficinas serão dia 28/09, das 8 h às 11:30. Cada inscrito deverá escolher somente uma oficina para participar. 1ª Oficina &#8211; Manejos e técnicas utilizadas na pecuária de corte Esta oficina será oferecida na 3 Marias Agronegócios, em Rio &hellip; <a href="https://videira.ifc.edu.br/seag/oficinas/">Continuar lendo <span class="meta-nav">&rarr;</span></a></p>
