{"id":459,"date":"2017-09-12T15:37:57","date_gmt":"2017-09-12T18:37:57","guid":{"rendered":"http:\/\/videira.ifc.edu.br\/seag\/?page_id=459"},"modified":"2021-09-08T14:53:36","modified_gmt":"2021-09-08T17:53:36","slug":"v-seag-2016","status":"publish","type":"page","link":"https:\/\/videira.ifc.edu.br\/seag\/edicoes-anteriores-2\/v-seag-2016\/","title":{"rendered":"X Semana de Estudos Agropecu\u00e1rios &#8211; SEAG 2021"},"content":{"rendered":"\n<p>A Semana de Estudos Agropecu\u00e1rios (SEAG) teve inicio em 2012, e no ano de 2021, ser\u00e1 realizada a d\u00e9cima edi\u00e7\u00e3o. <\/p>\n\n\n\n<p>Tradicionalmente, o evento \u00e9 realizado no m\u00eas de setembro de forma presencial. Entretanto, por conta da pandemia acometida pela COVID-19, houve a necessidade de adapta\u00e7\u00e3o, e em 2021, ser\u00e1 realizado de forma virtual, no dia 24 de setembro.<\/p>\n\n\n\n<p>Na sua d\u00e9cima edi\u00e7\u00e3o, a SEAG abordar\u00e1 o tema Agricultura e meio ambiente, enfatizando a import\u00e2ncia da realiza\u00e7\u00e3o de pr\u00e1ticas sustent\u00e1veis em atividades agropecu\u00e1rias. Acredita-se, que a continuidade da realiza\u00e7\u00e3o anual do evento \u00e9 de grande import\u00e2ncia para a comunidade interna e externa, e em 2021, por ser realizado de forma remota, facilitar\u00e1 a parti\u00e7\u00e3o de palestrantes e ouvintes de outras regi\u00f5es. Participam deste projeto docentes dos cursos t\u00e9cnicos em Agropecu\u00e1ria, Superior em Agronomia, t\u00e9cnicos Agr\u00edcola e estudantes do referidos cursos.<\/p>\n\n\n\n<p>O evento ser\u00e1 realizado no per\u00edodo vespertino iniciando no hor\u00e1rio compreendido entre \u00e1s 14:00 horas e 16:30 horas. As palestras ser\u00e3o voltadas \u00e0 responsabilidade ambiental das atividades Agropecu\u00e1rias, e durante o evento, ser\u00e3o oportunizados momentos destinados \u00e0 intera\u00e7\u00e3o entre os palestrantes e os ouvintes.<\/p>\n\n\n\n<p>As inscri\u00e7\u00f5es ser\u00e3o realizadas na p\u00e1gina do evento, e ser\u00e3o obrigat\u00f3rias por conta da certifica\u00e7\u00e3o. <\/p>\n\n\n\n<p>Contamos com a presen\u00e7a de todos. Juntos somos fortes!<\/p>\n\n\n\n<p>Equipe organizadora da X SEAG<br><\/p>\n","protected":false},"excerpt":{"rendered":"<p>A Semana de Estudos Agropecu\u00e1rios (SEAG) teve inicio em 2012, e no ano de 2021, ser\u00e1 realizada a d\u00e9cima edi\u00e7\u00e3o. Tradicionalmente, o evento \u00e9 realizado no m\u00eas de setembro de forma presencial. Entretanto, por conta da pandemia acometida pela COVID-19, &hellip; <a href=\"https:\/\/videira.ifc.edu.br\/seag\/edicoes-anteriores-2\/v-seag-2016\/\">Continuar lendo <span class=\"meta-nav\">&rarr;<\/span><\/a><\/p>\n","protected":false},"author":12,"featured_media":0,"parent":120,"menu_order":7,"comment_status":"closed","ping_status":"closed","template":"","meta":{"footnotes":""},"class_list":["post-459","page","type-page","status-publish","hentry"],"_links":{"self":[{"href":"https:\/\/videira.ifc.edu.br\/seag\/wp-json\/wp\/v2\/pages\/459","targetHints":{"allow":["GET"]}}],"collection":[{"href":"https:\/\/videira.ifc.edu.br\/seag\/wp-json\/wp\/v2\/pages"}],"about":[{"href":"https:\/\/videira.ifc.edu.br\/seag\/wp-json\/wp\/v2\/types\/page"}],"author":[{"embeddable":true,"href":"https:\/\/videira.ifc.edu.br\/seag\/wp-json\/wp\/v2\/users\/12"}],"replies":[{"embeddable":true,"href":"https:\/\/videira.ifc.edu.br\/seag\/wp-json\/wp\/v2\/comments?post=459"}],"version-history":[{"count":8,"href":"https:\/\/videira.ifc.edu.br\/seag\/wp-json\/wp\/v2\/pages\/459\/revisions"}],"predecessor-version":[{"id":618,"href":"https:\/\/videira.ifc.edu.br\/seag\/wp-json\/wp\/v2\/pages\/459\/revisions\/618"}],"up":[{"embeddable":true,"href":"https:\/\/videira.ifc.edu.br\/seag\/wp-json\/wp\/v2\/pages\/120"}],"wp:attachment":[{"href":"https:\/\/videira.ifc.edu.br\/seag\/wp-json\/wp\/v2\/media?parent=459"}],"curies":[{"name":"wp","href":"https:\/\/api.w.org\/{rel}","templated":true}]}}

X Semana de Estudos Agropecuários &#8211; SEAG 2021

<p>A Semana de Estudos Agropecuários (SEAG) teve inicio em 2012, e no ano de 2021, será realizada a décima edição. </p>



<p>Tradicionalmente, o evento é realizado no mês de setembro de forma presencial. Entretanto, por conta da pandemia acometida pela COVID-19, houve a necessidade de adaptação, e em 2021, será realizado de forma virtual, no dia 24 de setembro.</p>



<p>Na sua décima edição, a SEAG abordará o tema Agricultura e meio ambiente, enfatizando a importância da realização de práticas sustentáveis em atividades agropecuárias. Acredita-se, que a continuidade da realização anual do evento é de grande importância para a comunidade interna e externa, e em 2021, por ser realizado de forma remota, facilitará a partição de palestrantes e ouvintes de outras regiões. Participam deste projeto docentes dos cursos técnicos em Agropecuária, Superior em Agronomia, técnicos Agrícola e estudantes do referidos cursos.</p>



<p>O evento será realizado no período vespertino iniciando no horário compreendido entre ás 14:00 horas e 16:30 horas. As palestras serão voltadas à responsabilidade ambiental das atividades Agropecuárias, e durante o evento, serão oportunizados momentos destinados à interação entre os palestrantes e os ouvintes.</p>



<p>As inscrições serão realizadas na página do evento, e serão obrigatórias por conta da certificação. </p>



<p>Contamos com a presença de todos. Juntos somos fortes!</p>



<p>Equipe organizadora da X SEAG<br></p>

<p>A Semana de Estudos Agropecuários (SEAG) teve inicio em 2012, e no ano de 2021, será realizada a décima edição. Tradicionalmente, o evento é realizado no mês de setembro de forma presencial. Entretanto, por conta da pandemia acometida pela COVID-19, &hellip; <a href="https://videira.ifc.edu.br/seag/edicoes-anteriores-2/v-seag-2016/">Continuar lendo <span class="meta-nav">&rarr;</span></a></p>
