{"id":473,"date":"2017-09-12T16:35:24","date_gmt":"2017-09-12T19:35:24","guid":{"rendered":"http:\/\/videira.ifc.edu.br\/seag\/?page_id=473"},"modified":"2021-09-22T13:26:36","modified_gmt":"2021-09-22T16:26:36","slug":"programacao","status":"publish","type":"page","link":"https:\/\/videira.ifc.edu.br\/seag\/programacao\/","title":{"rendered":"Programa\u00e7\u00e3o"},"content":{"rendered":"\n<p><strong>ATIVIDADES NO DIA DO EVENTO<\/strong><\/p>\n\n\n\n<p><strong>Abertura:<\/strong>&nbsp;Das 14:00 \u00e0s 14:30. &nbsp; &nbsp;<\/p>\n\n\n\n<p><strong>Palestra 01<\/strong><\/p>\n\n\n\n<p><\/p>\n\n\n\n<p><\/p>\n\n\n\n<ul class=\"wp-block-list\"><li>Nome do palestrante: Marcelo Henrique Otenio<\/li><li>T\u00edtulo da Palestra:\u00a0Tratamento de dejetos e biodigest\u00e3o anaer\u00f3bica para sustentabilidade e valoriza\u00e7\u00e3o da produ\u00e7\u00e3o leiteira<\/li><li>In\u00edcio previsto: 14:30 \u00e0s 15:30 (Aproximadamente 1 hora de dura\u00e7\u00e3o)<\/li><li>Ap\u00f3s a palestra ser\u00e3o destinados 15 minutos para as perguntas.<\/li><li>Lattes: http:\/\/lattes.cnpq.br\/7429610959671819<\/li><\/ul>\n\n\n\n<p><strong>Palestra 02<\/strong><\/p>\n\n\n\n<ol class=\"wp-block-list\"><li>Nome da palestrante: Ana Paula dos Santos Guimar\u00e3es<\/li><li>T\u00edtulo da Palestra:\u00a0Mat\u00e9ria org\u00e2nica como condicionador e sua influ\u00eancia nas propriedades qu\u00edmicas e f\u00edsicas do solo<\/li><li>In\u00edcio previsto: 15:45 \u00e0s 16:45  (Aproximadamente 1 hora de dura\u00e7\u00e3o) \u00a0 \u00a0 \u00a0 \u00a0 \u00a0 \u00a0 \u00a0 \u00a0\u00a0<\/li><li>Ap\u00f3s a palestra ser\u00e3o destinados 15 minutos para as perguntas. \u00a0<\/li><li>Lattes: http:\/\/lattes.cnpq.br\/8749340840097845<\/li><\/ol>\n\n\n\n<p><strong>Encerramento previsto \u00e0s 17:00.<\/strong>&nbsp;&nbsp;<\/p>\n\n\n\n<p>OBS: Os hor\u00e1rios est\u00e3o sujeitos \u00e0 altera\u00e7\u00f5es com margem de at\u00e9 15 minutos para mais.&nbsp;<\/p>\n\n\n\n<p>Equipe organizadora da X SEAG<br><\/p>\n\n\n\n<figure class=\"wp-block-image size-large\"><a href=\"https:\/\/videira.ifc.edu.br\/seag\/wp-content\/uploads\/sites\/31\/2021\/09\/Slide1.jpg\"><img loading=\"lazy\" decoding=\"async\" width=\"1024\" height=\"151\" src=\"https:\/\/videira.ifc.edu.br\/seag\/wp-content\/uploads\/sites\/31\/2021\/09\/Slide1-1024x151.jpg\" alt=\"\" class=\"wp-image-639\" srcset=\"https:\/\/videira.ifc.edu.br\/seag\/wp-content\/uploads\/sites\/31\/2021\/09\/Slide1-1024x151.jpg 1024w, https:\/\/videira.ifc.edu.br\/seag\/wp-content\/uploads\/sites\/31\/2021\/09\/Slide1-300x44.jpg 300w, https:\/\/videira.ifc.edu.br\/seag\/wp-content\/uploads\/sites\/31\/2021\/09\/Slide1-768x113.jpg 768w, https:\/\/videira.ifc.edu.br\/seag\/wp-content\/uploads\/sites\/31\/2021\/09\/Slide1-500x74.jpg 500w, https:\/\/videira.ifc.edu.br\/seag\/wp-content\/uploads\/sites\/31\/2021\/09\/Slide1.jpg 1200w\" sizes=\"auto, (max-width: 1024px) 100vw, 1024px\" \/><\/a><\/figure>\n","protected":false},"excerpt":{"rendered":"<p>ATIVIDADES NO DIA DO EVENTO Abertura:&nbsp;Das 14:00 \u00e0s 14:30. &nbsp; &nbsp; Palestra 01 Nome do palestrante: Marcelo Henrique Otenio T\u00edtulo da Palestra:\u00a0Tratamento de dejetos e biodigest\u00e3o anaer\u00f3bica para sustentabilidade e valoriza\u00e7\u00e3o da produ\u00e7\u00e3o leiteira In\u00edcio previsto: 14:30 \u00e0s 15:30 (Aproximadamente &hellip; <a href=\"https:\/\/videira.ifc.edu.br\/seag\/programacao\/\">Continuar lendo <span class=\"meta-nav\">&rarr;<\/span><\/a><\/p>\n","protected":false},"author":5,"featured_media":0,"parent":0,"menu_order":0,"comment_status":"closed","ping_status":"closed","template":"","meta":{"footnotes":""},"class_list":["post-473","page","type-page","status-publish","hentry"],"_links":{"self":[{"href":"https:\/\/videira.ifc.edu.br\/seag\/wp-json\/wp\/v2\/pages\/473","targetHints":{"allow":["GET"]}}],"collection":[{"href":"https:\/\/videira.ifc.edu.br\/seag\/wp-json\/wp\/v2\/pages"}],"about":[{"href":"https:\/\/videira.ifc.edu.br\/seag\/wp-json\/wp\/v2\/types\/page"}],"author":[{"embeddable":true,"href":"https:\/\/videira.ifc.edu.br\/seag\/wp-json\/wp\/v2\/users\/5"}],"replies":[{"embeddable":true,"href":"https:\/\/videira.ifc.edu.br\/seag\/wp-json\/wp\/v2\/comments?post=473"}],"version-history":[{"count":19,"href":"https:\/\/videira.ifc.edu.br\/seag\/wp-json\/wp\/v2\/pages\/473\/revisions"}],"predecessor-version":[{"id":650,"href":"https:\/\/videira.ifc.edu.br\/seag\/wp-json\/wp\/v2\/pages\/473\/revisions\/650"}],"wp:attachment":[{"href":"https:\/\/videira.ifc.edu.br\/seag\/wp-json\/wp\/v2\/media?parent=473"}],"curies":[{"name":"wp","href":"https:\/\/api.w.org\/{rel}","templated":true}]}}

Programação

<p><strong>ATIVIDADES NO DIA DO EVENTO</strong></p>



<p><strong>Abertura:</strong>&nbsp;Das 14:00 às 14:30. &nbsp; &nbsp;</p>



<p><strong>Palestra 01</strong></p>



<p></p>



<p></p>



<ul class="wp-block-list"><li>Nome do palestrante: Marcelo Henrique Otenio</li><li>Título da Palestra: Tratamento de dejetos e biodigestão anaeróbica para sustentabilidade e valorização da produção leiteira</li><li>Início previsto: 14:30 às 15:30 (Aproximadamente 1 hora de duração)</li><li>Após a palestra serão destinados 15 minutos para as perguntas.</li><li>Lattes: http://lattes.cnpq.br/7429610959671819</li></ul>



<p><strong>Palestra 02</strong></p>



<ol class="wp-block-list"><li>Nome da palestrante: Ana Paula dos Santos Guimarães</li><li>Título da Palestra: Matéria orgânica como condicionador e sua influência nas propriedades químicas e físicas do solo</li><li>Início previsto: 15:45 às 16:45  (Aproximadamente 1 hora de duração)                 </li><li>Após a palestra serão destinados 15 minutos para as perguntas.  </li><li>Lattes: http://lattes.cnpq.br/8749340840097845</li></ol>



<p><strong>Encerramento previsto às 17:00.</strong>&nbsp;&nbsp;</p>



<p>OBS: Os horários estão sujeitos à alterações com margem de até 15 minutos para mais.&nbsp;</p>



<p>Equipe organizadora da X SEAG<br></p>



<figure class="wp-block-image size-large"><a href="https://videira.ifc.edu.br/seag/wp-content/uploads/sites/31/2021/09/Slide1.jpg"><img loading="lazy" decoding="async" width="1024" height="151" src="https://videira.ifc.edu.br/seag/wp-content/uploads/sites/31/2021/09/Slide1-1024x151.jpg" alt="" class="wp-image-639" srcset="https://videira.ifc.edu.br/seag/wp-content/uploads/sites/31/2021/09/Slide1-1024x151.jpg 1024w, https://videira.ifc.edu.br/seag/wp-content/uploads/sites/31/2021/09/Slide1-300x44.jpg 300w, https://videira.ifc.edu.br/seag/wp-content/uploads/sites/31/2021/09/Slide1-768x113.jpg 768w, https://videira.ifc.edu.br/seag/wp-content/uploads/sites/31/2021/09/Slide1-500x74.jpg 500w, https://videira.ifc.edu.br/seag/wp-content/uploads/sites/31/2021/09/Slide1.jpg 1200w" sizes="auto, (max-width: 1024px) 100vw, 1024px" /></a></figure>

<p>ATIVIDADES NO DIA DO EVENTO Abertura:&nbsp;Das 14:00 às 14:30. &nbsp; &nbsp; Palestra 01 Nome do palestrante: Marcelo Henrique Otenio Título da Palestra: Tratamento de dejetos e biodigestão anaeróbica para sustentabilidade e valorização da produção leiteira Início previsto: 14:30 às 15:30 (Aproximadamente &hellip; <a href="https://videira.ifc.edu.br/seag/programacao/">Continuar lendo <span class="meta-nav">&rarr;</span></a></p>
