{"id":15,"date":"2013-03-11T21:01:41","date_gmt":"2013-03-11T21:01:41","guid":{"rendered":"http:\/\/eventos.videira.ifc.edu.br\/pedagogia\/?page_id=15"},"modified":"2013-03-11T21:01:41","modified_gmt":"2013-03-11T21:01:41","slug":"publico-alvo","status":"publish","type":"page","link":"https:\/\/videira.ifc.edu.br\/simposio-pedagogia\/edicoes-anteriores\/2012-i-simposio-da-pedagogia\/publico-alvo\/","title":{"rendered":"P\u00fablico-Alvo"},"content":{"rendered":"<h2>P\u00fablico-Alvo<\/h2>\n<p>Acad\u00eamicos da primeira turma do curso de gradua\u00e7\u00e3o em Pedagogia-Licenciatura; p\u00f3s-graduandos em Educa\u00e7\u00e3o com \u00eanfase em S\u00e9ries Iniciais do Ensino Fundamental do IFC-C\u00e2mpus Videira; professores das redes p\u00fablicas estadual e municipal e da rede privada da regi\u00e3o e entorno; professores do IFC-Videira; por ades\u00e3o.<\/p>\n<h2>Vagas, Carga Hor\u00e1ria e Inscri\u00e7\u00e3o<\/h2>\n<ul>\n<li>N\u00famero de Vagas: 180 vagas<\/li>\n<li>Carga Hor\u00e1ria: at\u00e9 12 horas, com emiss\u00e3o de declara\u00e7\u00e3o de participa\u00e7\u00e3o no correspondente \u00e0s horas efetivamente presentes.<\/li>\n<li>Taxa de Inscri\u00e7\u00e3o: R$ 10,00 ( dez reais), alunos e servidores do IFC &#8211; C\u00e2mpus Videira est\u00e3o isentos da taxa<\/li>\n<li>Inscri\u00e7\u00e3o: no site do IFC-Videira (http:\/\/www.ifc-videira.edu.br\/), no per\u00edodo de 09 de abril a 02 de maio de 2012, ou na recep\u00e7\u00e3o do Instituto Federal Catarinense;<\/li>\n<\/ul>\n","protected":false},"excerpt":{"rendered":"<p>P\u00fablico-Alvo Acad\u00eamicos da primeira turma do curso de gradua\u00e7\u00e3o em Pedagogia-Licenciatura; p\u00f3s-graduandos em Educa\u00e7\u00e3o com \u00eanfase em S\u00e9ries Iniciais do Ensino Fundamental do IFC-C\u00e2mpus Videira; professores das redes p\u00fablicas estadual e municipal e da rede privada da regi\u00e3o e entorno; &hellip; <a href=\"https:\/\/videira.ifc.edu.br\/simposio-pedagogia\/edicoes-anteriores\/2012-i-simposio-da-pedagogia\/publico-alvo\/\">Continuar lendo <span class=\"meta-nav\">&rarr;<\/span><\/a><\/p>\n","protected":false},"author":9,"featured_media":31,"parent":9,"menu_order":0,"comment_status":"open","ping_status":"open","template":"","meta":{"footnotes":""},"class_list":["post-15","page","type-page","status-publish","has-post-thumbnail","hentry"],"_links":{"self":[{"href":"https:\/\/videira.ifc.edu.br\/simposio-pedagogia\/wp-json\/wp\/v2\/pages\/15","targetHints":{"allow":["GET"]}}],"collection":[{"href":"https:\/\/videira.ifc.edu.br\/simposio-pedagogia\/wp-json\/wp\/v2\/pages"}],"about":[{"href":"https:\/\/videira.ifc.edu.br\/simposio-pedagogia\/wp-json\/wp\/v2\/types\/page"}],"author":[{"embeddable":true,"href":"https:\/\/videira.ifc.edu.br\/simposio-pedagogia\/wp-json\/wp\/v2\/users\/9"}],"replies":[{"embeddable":true,"href":"https:\/\/videira.ifc.edu.br\/simposio-pedagogia\/wp-json\/wp\/v2\/comments?post=15"}],"version-history":[{"count":0,"href":"https:\/\/videira.ifc.edu.br\/simposio-pedagogia\/wp-json\/wp\/v2\/pages\/15\/revisions"}],"up":[{"embeddable":true,"href":"https:\/\/videira.ifc.edu.br\/simposio-pedagogia\/wp-json\/wp\/v2\/pages\/9"}],"wp:featuredmedia":[{"embeddable":true,"href":"https:\/\/videira.ifc.edu.br\/simposio-pedagogia\/wp-json\/wp\/v2\/media\/31"}],"wp:attachment":[{"href":"https:\/\/videira.ifc.edu.br\/simposio-pedagogia\/wp-json\/wp\/v2\/media?parent=15"}],"curies":[{"name":"wp","href":"https:\/\/api.w.org\/{rel}","templated":true}]}}